{"id":1010,"date":"2024-08-14T02:22:43","date_gmt":"2024-08-14T00:22:43","guid":{"rendered":"https:\/\/www.bintoufaitout.com\/index.php\/produit\/lot-2-plateaux\/"},"modified":"2025-10-15T08:32:23","modified_gmt":"2025-10-15T06:32:23","slug":"lot-2-plateaux","status":"publish","type":"product","link":"https:\/\/www.bintoufaitout.com\/index.php\/produit\/lot-2-plateaux\/","title":{"rendered":"Lot 2 plateaux rond"},"content":{"rendered":"<p>Lot 2 plateaux plastique r\u00e9sistant blanc dor\u00e9e avec un bon maintient au niveau des poign\u00e9es<\/p>\n<p>Id\u00e9al pour servir vos fruits,th\u00e9,boissons,caf\u00e9&#8230;<\/p>\n","protected":false},"excerpt":{"rendered":"<p>Lot 2 plateaux plastique r\u00e9sistant blanc dor\u00e9e avec un bon maintient au niveau des poign\u00e9es Id\u00e9al pour servir vos fruits,th\u00e9,boissons,caf\u00e9&#8230;<\/p>\n","protected":false},"featured_media":1009,"comment_status":"open","ping_status":"closed","template":"","meta":[],"product_brand":[],"product_cat":[58],"product_tag":[],"class_list":{"0":"post-1010","1":"product","2":"type-product","3":"status-publish","4":"has-post-thumbnail","6":"product_cat-linges-de-lit","8":"first","9":"instock","10":"sale","11":"shipping-taxable","12":"purchasable","13":"product-type-simple"},"jetpack_sharing_enabled":true,"_links":{"self":[{"href":"https:\/\/www.bintoufaitout.com\/index.php\/wp-json\/wp\/v2\/product\/1010","targetHints":{"allow":["GET"]}}],"collection":[{"href":"https:\/\/www.bintoufaitout.com\/index.php\/wp-json\/wp\/v2\/product"}],"about":[{"href":"https:\/\/www.bintoufaitout.com\/index.php\/wp-json\/wp\/v2\/types\/product"}],"replies":[{"embeddable":true,"href":"https:\/\/www.bintoufaitout.com\/index.php\/wp-json\/wp\/v2\/comments?post=1010"}],"wp:featuredmedia":[{"embeddable":true,"href":"https:\/\/www.bintoufaitout.com\/index.php\/wp-json\/wp\/v2\/media\/1009"}],"wp:attachment":[{"href":"https:\/\/www.bintoufaitout.com\/index.php\/wp-json\/wp\/v2\/media?parent=1010"}],"wp:term":[{"taxonomy":"product_brand","embeddable":true,"href":"https:\/\/www.bintoufaitout.com\/index.php\/wp-json\/wp\/v2\/product_brand?post=1010"},{"taxonomy":"product_cat","embeddable":true,"href":"https:\/\/www.bintoufaitout.com\/index.php\/wp-json\/wp\/v2\/product_cat?post=1010"},{"taxonomy":"product_tag","embeddable":true,"href":"https:\/\/www.bintoufaitout.com\/index.php\/wp-json\/wp\/v2\/product_tag?post=1010"}],"curies":[{"name":"wp","href":"https:\/\/api.w.org\/{rel}","templated":true}]}}