{"id":1035,"date":"2024-08-19T23:16:18","date_gmt":"2024-08-19T21:16:18","guid":{"rendered":"https:\/\/www.bintoufaitout.com\/index.php\/produit\/autocuiseur-automatique-6l\/"},"modified":"2025-08-19T17:02:10","modified_gmt":"2025-08-19T15:02:10","slug":"autocuiseur-automatique-6l","status":"publish","type":"product","link":"https:\/\/www.bintoufaitout.com\/index.php\/produit\/autocuiseur-automatique-6l\/","title":{"rendered":"Autocuiseur automatique 6L"},"content":{"rendered":"<ul class=\"a-unordered-list a-vertical a-spacing-none\">\n<li class=\"a-spacing-mini\" style=\"margin: 0px\"><span class=\"a-list-item\">Il y a 11 programmes automatiques inclus, tels que: FRIRE, RIZ \/ GRUAUX, CHEF, RISOTTO \/ PILAF, VAPEUR, P\u00c2TISSERIE, RAGO\u00dbT, SOUPE, GRUAU D\u2019AVOINE \/ BOUILLIE, YAOURT, R\u00c9CHAUFFER. Dans tous les programmes peuvent changer la temp\u00e9rature ou le temps de cuisson.<\/span><\/li>\n<li class=\"a-spacing-mini\" style=\"margin: 0px\"><span class=\"a-list-item\">Le multi-cuiseur a la fonction de programmation compl\u00e8te pour une dur\u00e9e de 2 minutes \u00e0 12 heures avec la possibilit\u00e9 de r\u00e9gler la temp\u00e9rature de 35 \u00b0 C \u00e0 170 \u00b0 C. Cuisson \u00e0 retardement: jusqu&rsquo;\u00e0 24 heures.<\/span><\/li>\n<li class=\"a-spacing-mini\" style=\"margin: 0px\"><span class=\"a-list-item\">Facile \u00e0 utiliser, le pot int\u00e9rieur a un rev\u00eatement anti-adh\u00e9sif et est compatible au lave vaisselle, donc tr\u00e8s facile \u00e0 nettoyer.<\/span><\/li>\n<li class=\"a-spacing-mini\" style=\"margin: 0px\"><span class=\"a-list-item\">D&rsquo;autres points forts incluent une fonction de retard (jusqu&rsquo;\u00e0 24 heures), un affichage LED facilement visible et une fonction de maintien au chaud automatique.<\/span><\/li>\n<\/ul>\n<p>capacit\u00e9<span class=\"a-list-item\"> 6 litres <\/span><\/p>\n","protected":false},"excerpt":{"rendered":"<p>Il y a 11 programmes automatiques inclus, tels que: FRIRE, RIZ \/ GRUAUX, CHEF, RISOTTO \/ PILAF, VAPEUR, P\u00c2TISSERIE, RAGO\u00dbT, SOUPE, GRUAU D\u2019AVOINE \/ BOUILLIE, YAOURT, R\u00c9CHAUFFER. Dans tous les programmes peuvent changer la temp\u00e9rature ou le temps de cuisson. Le multi-cuiseur a la fonction de programmation compl\u00e8te pour une dur\u00e9e de 2 minutes \u00e0 [&hellip;]<\/p>\n","protected":false},"featured_media":1033,"comment_status":"open","ping_status":"closed","template":"","meta":[],"product_brand":[],"product_cat":[58],"product_tag":[],"class_list":{"0":"post-1035","1":"product","2":"type-product","3":"status-publish","4":"has-post-thumbnail","6":"product_cat-linges-de-lit","7":"product_shipping_class-24","9":"first","10":"instock","11":"sale","12":"shipping-taxable","13":"purchasable","14":"product-type-simple"},"jetpack_sharing_enabled":true,"_links":{"self":[{"href":"https:\/\/www.bintoufaitout.com\/index.php\/wp-json\/wp\/v2\/product\/1035","targetHints":{"allow":["GET"]}}],"collection":[{"href":"https:\/\/www.bintoufaitout.com\/index.php\/wp-json\/wp\/v2\/product"}],"about":[{"href":"https:\/\/www.bintoufaitout.com\/index.php\/wp-json\/wp\/v2\/types\/product"}],"replies":[{"embeddable":true,"href":"https:\/\/www.bintoufaitout.com\/index.php\/wp-json\/wp\/v2\/comments?post=1035"}],"wp:featuredmedia":[{"embeddable":true,"href":"https:\/\/www.bintoufaitout.com\/index.php\/wp-json\/wp\/v2\/media\/1033"}],"wp:attachment":[{"href":"https:\/\/www.bintoufaitout.com\/index.php\/wp-json\/wp\/v2\/media?parent=1035"}],"wp:term":[{"taxonomy":"product_brand","embeddable":true,"href":"https:\/\/www.bintoufaitout.com\/index.php\/wp-json\/wp\/v2\/product_brand?post=1035"},{"taxonomy":"product_cat","embeddable":true,"href":"https:\/\/www.bintoufaitout.com\/index.php\/wp-json\/wp\/v2\/product_cat?post=1035"},{"taxonomy":"product_tag","embeddable":true,"href":"https:\/\/www.bintoufaitout.com\/index.php\/wp-json\/wp\/v2\/product_tag?post=1035"}],"curies":[{"name":"wp","href":"https:\/\/api.w.org\/{rel}","templated":true}]}}