{"id":1073,"date":"2024-09-02T14:13:37","date_gmt":"2024-09-02T12:13:37","guid":{"rendered":"https:\/\/www.bintoufaitout.com\/index.php\/produit\/batterie-de-cuisine-inox-2\/"},"modified":"2025-08-01T00:39:27","modified_gmt":"2025-07-31T22:39:27","slug":"batterie-de-cuisine-inox-2","status":"publish","type":"product","link":"https:\/\/www.bintoufaitout.com\/index.php\/produit\/batterie-de-cuisine-inox-2\/","title":{"rendered":"Batterie de cuisine inox"},"content":{"rendered":"<p>Cette batterie de cuisine en inox vous permettras de concocter tout type de plat sans difficult\u00e9. Allant sur tout type de feux, gaz, \u00e9lectrique, induction, vitro-c\u00e9ramique, elle n\u2019aura aucun mal \u00e0 int\u00e9gr\u00e9 votre cuisine. Une fois la cuisine termin\u00e9 laisser votre lave-vaisselle s\u2019occuper de ces ustensiles afin qu\u2019ils soient pr\u00eat pour la prochaine fois.<\/p>\n<p>Cette batterie est compos\u00e9 de 5 faitouts avec leur 5 couvercles<\/p>\n<ul>\n<li>1 faitout de 20cm<\/li>\n<li>1 faitout de 22cm<\/li>\n<\/ul>\n<ul>\n<li>1 faitout&nbsp;de 24cm<\/li>\n<li>1 faitout de 26cm<\/li>\n<li>1 faitout de 28cm<\/li>\n<\/ul>\n","protected":false},"excerpt":{"rendered":"<p>Cette batterie de cuisine en inox vous permettras de concocter tout type de plat sans difficult\u00e9. Allant sur tout type de feux, gaz, \u00e9lectrique, induction, vitro-c\u00e9ramique, elle n\u2019aura aucun mal \u00e0 int\u00e9gr\u00e9 votre cuisine. Une fois la cuisine termin\u00e9 laisser votre lave-vaisselle s\u2019occuper de ces ustensiles afin qu\u2019ils soient pr\u00eat pour la prochaine fois. Cette [&hellip;]<\/p>\n","protected":false},"featured_media":1596,"comment_status":"open","ping_status":"closed","template":"","meta":[],"product_brand":[],"product_cat":[58],"product_tag":[],"class_list":{"0":"post-1073","1":"product","2":"type-product","3":"status-publish","4":"has-post-thumbnail","6":"product_cat-linges-de-lit","7":"product_shipping_class-24","9":"first","10":"outofstock","11":"sale","12":"shipping-taxable","13":"purchasable","14":"product-type-simple"},"jetpack_sharing_enabled":true,"_links":{"self":[{"href":"https:\/\/www.bintoufaitout.com\/index.php\/wp-json\/wp\/v2\/product\/1073","targetHints":{"allow":["GET"]}}],"collection":[{"href":"https:\/\/www.bintoufaitout.com\/index.php\/wp-json\/wp\/v2\/product"}],"about":[{"href":"https:\/\/www.bintoufaitout.com\/index.php\/wp-json\/wp\/v2\/types\/product"}],"replies":[{"embeddable":true,"href":"https:\/\/www.bintoufaitout.com\/index.php\/wp-json\/wp\/v2\/comments?post=1073"}],"wp:featuredmedia":[{"embeddable":true,"href":"https:\/\/www.bintoufaitout.com\/index.php\/wp-json\/wp\/v2\/media\/1596"}],"wp:attachment":[{"href":"https:\/\/www.bintoufaitout.com\/index.php\/wp-json\/wp\/v2\/media?parent=1073"}],"wp:term":[{"taxonomy":"product_brand","embeddable":true,"href":"https:\/\/www.bintoufaitout.com\/index.php\/wp-json\/wp\/v2\/product_brand?post=1073"},{"taxonomy":"product_cat","embeddable":true,"href":"https:\/\/www.bintoufaitout.com\/index.php\/wp-json\/wp\/v2\/product_cat?post=1073"},{"taxonomy":"product_tag","embeddable":true,"href":"https:\/\/www.bintoufaitout.com\/index.php\/wp-json\/wp\/v2\/product_tag?post=1073"}],"curies":[{"name":"wp","href":"https:\/\/api.w.org\/{rel}","templated":true}]}}