{"id":1140,"date":"2024-09-20T21:04:54","date_gmt":"2024-09-20T19:04:54","guid":{"rendered":"https:\/\/www.bintoufaitout.com\/index.php\/produit\/assiette-blanche-doree\/"},"modified":"2025-02-17T17:13:45","modified_gmt":"2025-02-17T16:13:45","slug":"assiette-blanche-doree","status":"publish","type":"product","link":"https:\/\/www.bintoufaitout.com\/index.php\/produit\/assiette-blanche-doree\/","title":{"rendered":"Assiette blanche dor\u00e9e"},"content":{"rendered":"<p>Cette assiette creuse de la collection rosemberg avec son blanc lumineux ,son filet or et sa forme d&rsquo;une \u00e9l\u00e9gance extr\u00e8me, apportera chic et raffinement \u00e0 n&rsquo;importe quelle table<br \/>\n30cm environ 2 personnes<br \/>\nMati\u00e8re : Porcelaine<br \/>\nCouleur : Blanc dor\u00e9e<\/p>\n","protected":false},"excerpt":{"rendered":"<p>Cette assiette creuse de la collection rosemberg avec son blanc lumineux ,son filet or et sa forme d&rsquo;une \u00e9l\u00e9gance extr\u00e8me, apportera chic et raffinement \u00e0 n&rsquo;importe quelle table 30cm environ 2 personnes Mati\u00e8re : Porcelaine Couleur : Blanc dor\u00e9e<\/p>\n","protected":false},"featured_media":1139,"comment_status":"open","ping_status":"closed","template":"","meta":[],"product_brand":[],"product_cat":[58],"product_tag":[],"class_list":{"0":"post-1140","1":"product","2":"type-product","3":"status-publish","4":"has-post-thumbnail","6":"product_cat-linges-de-lit","8":"first","9":"outofstock","10":"shipping-taxable","11":"purchasable","12":"product-type-simple"},"jetpack_sharing_enabled":true,"_links":{"self":[{"href":"https:\/\/www.bintoufaitout.com\/index.php\/wp-json\/wp\/v2\/product\/1140","targetHints":{"allow":["GET"]}}],"collection":[{"href":"https:\/\/www.bintoufaitout.com\/index.php\/wp-json\/wp\/v2\/product"}],"about":[{"href":"https:\/\/www.bintoufaitout.com\/index.php\/wp-json\/wp\/v2\/types\/product"}],"replies":[{"embeddable":true,"href":"https:\/\/www.bintoufaitout.com\/index.php\/wp-json\/wp\/v2\/comments?post=1140"}],"wp:featuredmedia":[{"embeddable":true,"href":"https:\/\/www.bintoufaitout.com\/index.php\/wp-json\/wp\/v2\/media\/1139"}],"wp:attachment":[{"href":"https:\/\/www.bintoufaitout.com\/index.php\/wp-json\/wp\/v2\/media?parent=1140"}],"wp:term":[{"taxonomy":"product_brand","embeddable":true,"href":"https:\/\/www.bintoufaitout.com\/index.php\/wp-json\/wp\/v2\/product_brand?post=1140"},{"taxonomy":"product_cat","embeddable":true,"href":"https:\/\/www.bintoufaitout.com\/index.php\/wp-json\/wp\/v2\/product_cat?post=1140"},{"taxonomy":"product_tag","embeddable":true,"href":"https:\/\/www.bintoufaitout.com\/index.php\/wp-json\/wp\/v2\/product_tag?post=1140"}],"curies":[{"name":"wp","href":"https:\/\/api.w.org\/{rel}","templated":true}]}}