{"id":1418,"date":"2024-12-07T01:04:48","date_gmt":"2024-12-07T00:04:48","guid":{"rendered":"https:\/\/www.bintoufaitout.com\/index.php\/produit\/fontaine-a-boisson-5-litres\/"},"modified":"2024-12-07T01:04:54","modified_gmt":"2024-12-07T00:04:54","slug":"fontaine-a-boisson-5-litres","status":"publish","type":"product","link":"https:\/\/www.bintoufaitout.com\/index.php\/produit\/fontaine-a-boisson-5-litres\/","title":{"rendered":"Fontaine \u00e0 boisson 5 litres"},"content":{"rendered":"<ul class=\"a-unordered-list a-vertical a-spacing-none\">\n<li class=\"a-spacing-mini\" style=\"margin: 0px\"><span class=\"a-list-item\" style=\"color: var(--__N4QdCheV6mGo,#0f1111)\">Mat\u00e9riau durable : le distributeur de boissons est fabriqu\u00e9 en verre de cristal de haute qualit\u00e9, \u00e9l\u00e9gant et exquis.<\/span><\/li>\n<li class=\"a-spacing-mini\" style=\"margin: 0px\"><span class=\"a-list-item\" style=\"color: var(--__N4QdCheV6mGo,#0f1111)\">Distributeur anti-fuite : le distributeur de boisson en verre avec robinet peut contenir 5 L, la dimension du support est d&rsquo;environ 12,4 x 12,9 cm, le poids net est d&rsquo;environ 4632 g.<\/span><\/li>\n<li class=\"a-spacing-mini\" style=\"margin: 0px\"><span class=\"a-list-item\" style=\"color: var(--__N4QdCheV6mGo,#0f1111)\">Motif sans plomb : le distributeur de boisson en verre au look \u00e9l\u00e9gant est en forme de tournesol sculpt\u00e9, peu importe ce que vous mettez \u00e0 l&rsquo;int\u00e9rieur, le distributeur de boisson sera une magnifique pi\u00e8ce d\u00e9corative pour la maison, le bar ou la table de f\u00eate<\/span><\/li>\n<li class=\"a-spacing-mini\" style=\"margin: 0px\"><span class=\"a-list-item\" style=\"color: var(--__N4QdCheV6mGo,#0f1111)\">Distributeur de jus avec couvercle : le diam\u00e8tre de l&rsquo;ouverture est d&rsquo;environ 19,3 cm. La large ouverture sur le dessus facilite le nettoyage et le remplissage du pot de jus, ce qui vous permet d&rsquo;utiliser facilement ce pot de jus tous les jours.<\/span><\/li>\n<\/ul>\n","protected":false},"excerpt":{"rendered":"<p>Mat\u00e9riau durable : le distributeur de boissons est fabriqu\u00e9 en verre de cristal de haute qualit\u00e9, \u00e9l\u00e9gant et exquis. Distributeur anti-fuite : le distributeur de boisson en verre avec robinet peut contenir 5 L, la dimension du support est d&rsquo;environ 12,4 x 12,9 cm, le poids net est d&rsquo;environ 4632 g. Motif sans plomb : [&hellip;]<\/p>\n","protected":false},"featured_media":1416,"comment_status":"open","ping_status":"closed","template":"","meta":[],"product_brand":[],"product_cat":[58],"product_tag":[],"class_list":{"0":"post-1418","1":"product","2":"type-product","3":"status-publish","4":"has-post-thumbnail","6":"product_cat-linges-de-lit","8":"first","9":"instock","10":"sale","11":"shipping-taxable","12":"purchasable","13":"product-type-simple"},"jetpack_sharing_enabled":true,"_links":{"self":[{"href":"https:\/\/www.bintoufaitout.com\/index.php\/wp-json\/wp\/v2\/product\/1418","targetHints":{"allow":["GET"]}}],"collection":[{"href":"https:\/\/www.bintoufaitout.com\/index.php\/wp-json\/wp\/v2\/product"}],"about":[{"href":"https:\/\/www.bintoufaitout.com\/index.php\/wp-json\/wp\/v2\/types\/product"}],"replies":[{"embeddable":true,"href":"https:\/\/www.bintoufaitout.com\/index.php\/wp-json\/wp\/v2\/comments?post=1418"}],"wp:featuredmedia":[{"embeddable":true,"href":"https:\/\/www.bintoufaitout.com\/index.php\/wp-json\/wp\/v2\/media\/1416"}],"wp:attachment":[{"href":"https:\/\/www.bintoufaitout.com\/index.php\/wp-json\/wp\/v2\/media?parent=1418"}],"wp:term":[{"taxonomy":"product_brand","embeddable":true,"href":"https:\/\/www.bintoufaitout.com\/index.php\/wp-json\/wp\/v2\/product_brand?post=1418"},{"taxonomy":"product_cat","embeddable":true,"href":"https:\/\/www.bintoufaitout.com\/index.php\/wp-json\/wp\/v2\/product_cat?post=1418"},{"taxonomy":"product_tag","embeddable":true,"href":"https:\/\/www.bintoufaitout.com\/index.php\/wp-json\/wp\/v2\/product_tag?post=1418"}],"curies":[{"name":"wp","href":"https:\/\/api.w.org\/{rel}","templated":true}]}}