{"id":1636,"date":"2025-01-31T21:45:06","date_gmt":"2025-01-31T20:45:06","guid":{"rendered":"https:\/\/www.bintoufaitout.com\/index.php\/produit\/ustensiles-nylon-10pcs\/"},"modified":"2025-01-31T21:45:21","modified_gmt":"2025-01-31T20:45:21","slug":"ustensiles-nylon-10pcs","status":"publish","type":"product","link":"https:\/\/www.bintoufaitout.com\/index.php\/produit\/ustensiles-nylon-10pcs\/","title":{"rendered":"Ustensiles nylon 10pcs"},"content":{"rendered":"<p>Ces ustensile de cuisine en nylon se marierons \u00e0 n\u2019importe qu\u2019elle cuisine gr\u00e2ce \u00e0 leur design moderne et leur couleur harmonieuse, compos\u00e9 de:<\/p>\n<ul>\n<li>1 Louche \u00e0 soupe<\/li>\n<li>1 cuill\u00e8re \u00e0 p\u00e2tes<\/li>\n<li>1 Spatule plate<\/li>\n<li>1 spatule plate perfor\u00e9e<\/li>\n<li>1 Ecumoire<\/li>\n<li>1 cuill\u00e8re<\/li>\n<li>1 cuill\u00e8re perfor\u00e9e<\/li>\n<li>1 \u00e9cras\u00e9 pomme de terre<\/li>\n<li>1 fouet<\/li>\n<li>1 pot<\/li>\n<\/ul>\n<p>Parfaitement r\u00e9sistant \u00e0 la chaleur jusqu\u2019\u00e0 280\u00b0 et passe au lave-vaisselle.<\/p>\n","protected":false},"excerpt":{"rendered":"<p>Ces ustensile de cuisine en nylon se marierons \u00e0 n\u2019importe qu\u2019elle cuisine gr\u00e2ce \u00e0 leur design moderne et leur couleur harmonieuse, compos\u00e9 de: 1 Louche \u00e0 soupe 1 cuill\u00e8re \u00e0 p\u00e2tes 1 Spatule plate 1 spatule plate perfor\u00e9e 1 Ecumoire 1 cuill\u00e8re 1 cuill\u00e8re perfor\u00e9e 1 \u00e9cras\u00e9 pomme de terre 1 fouet 1 pot Parfaitement [&hellip;]<\/p>\n","protected":false},"featured_media":1634,"comment_status":"open","ping_status":"closed","template":"","meta":[],"product_brand":[],"product_cat":[58],"product_tag":[],"class_list":{"0":"post-1636","1":"product","2":"type-product","3":"status-publish","4":"has-post-thumbnail","6":"product_cat-linges-de-lit","8":"first","9":"instock","10":"shipping-taxable","11":"purchasable","12":"product-type-simple"},"jetpack_sharing_enabled":true,"_links":{"self":[{"href":"https:\/\/www.bintoufaitout.com\/index.php\/wp-json\/wp\/v2\/product\/1636","targetHints":{"allow":["GET"]}}],"collection":[{"href":"https:\/\/www.bintoufaitout.com\/index.php\/wp-json\/wp\/v2\/product"}],"about":[{"href":"https:\/\/www.bintoufaitout.com\/index.php\/wp-json\/wp\/v2\/types\/product"}],"replies":[{"embeddable":true,"href":"https:\/\/www.bintoufaitout.com\/index.php\/wp-json\/wp\/v2\/comments?post=1636"}],"wp:featuredmedia":[{"embeddable":true,"href":"https:\/\/www.bintoufaitout.com\/index.php\/wp-json\/wp\/v2\/media\/1634"}],"wp:attachment":[{"href":"https:\/\/www.bintoufaitout.com\/index.php\/wp-json\/wp\/v2\/media?parent=1636"}],"wp:term":[{"taxonomy":"product_brand","embeddable":true,"href":"https:\/\/www.bintoufaitout.com\/index.php\/wp-json\/wp\/v2\/product_brand?post=1636"},{"taxonomy":"product_cat","embeddable":true,"href":"https:\/\/www.bintoufaitout.com\/index.php\/wp-json\/wp\/v2\/product_cat?post=1636"},{"taxonomy":"product_tag","embeddable":true,"href":"https:\/\/www.bintoufaitout.com\/index.php\/wp-json\/wp\/v2\/product_tag?post=1636"}],"curies":[{"name":"wp","href":"https:\/\/api.w.org\/{rel}","templated":true}]}}