{"id":1681,"date":"2025-02-15T17:38:36","date_gmt":"2025-02-15T16:38:36","guid":{"rendered":"https:\/\/www.bintoufaitout.com\/index.php\/produit\/soupiere-15-pcs\/"},"modified":"2025-12-27T14:56:23","modified_gmt":"2025-12-27T13:56:23","slug":"soupiere-15-pcs","status":"publish","type":"product","link":"https:\/\/www.bintoufaitout.com\/index.php\/produit\/soupiere-15-pcs\/","title":{"rendered":"Soupi\u00e8re  15 pcs"},"content":{"rendered":"<ul class=\"a-unordered-list a-vertical a-spacing-none\">\n<li class=\"a-spacing-mini\" style=\"margin: 0px\"><span class=\"a-list-item\" style=\"color: var(--__N4QdCheV6mGo,#0f1111)\">Design \u00e9l\u00e9gant : Ce service \u00e0 soupe se distingue par son design \u00e9pur\u00e9 et intemporel qui s&rsquo;int\u00e8gre parfaitement dans toutes les ambiances de table. Sa couleur blanche classique apporte une touche de sophistication et de raffinement, rendant chaque repas plus sp\u00e9cial et m\u00e9morable pour vos invit\u00e9s et votre famille<\/span><\/li>\n<li class=\"a-spacing-mini\" style=\"margin: 0px\"><span class=\"a-list-item\" style=\"color: var(--__N4QdCheV6mGo,#0f1111)\">Mat\u00e9riaux de qualit\u00e9 : Fabriqu\u00e9 en porcelaine de haute qualit\u00e9, ce service \u00e0 soupe est non seulement esth\u00e9tique mais \u00e9galement durable. La porcelaine est connue pour sa r\u00e9sistance aux chocs et aux temp\u00e9ratures \u00e9lev\u00e9es, ce qui garantit que votre service conservera son \u00e9clat et sa fonctionnalit\u00e9 au fil du temps<\/span><\/li>\n<li class=\"a-spacing-mini\" style=\"margin: 0px\"><span class=\"a-list-item\" style=\"color: var(--__N4QdCheV6mGo,#0f1111)\">Complet et pratique : Le service comprend une soupi\u00e8re de 4 litres, une louche de service et six bols de 30cl, offrant ainsi tout le n\u00e9cessaire pour servir vos soupes pr\u00e9f\u00e9r\u00e9es. Cette composition compl\u00e8te facilite la pr\u00e9paration et le service, vous permettant de profiter pleinement de vos repas sans tracas<\/span><\/li>\n<li class=\"a-spacing-mini\" style=\"margin: 0px\"><span class=\"a-list-item\" style=\"color: var(--__N4QdCheV6mGo,#0f1111)\">Polyvalence d&rsquo;utilisation : Que ce soit pour un d\u00eener en famille, une r\u00e9ception entre amis ou un \u00e9v\u00e9nement sp\u00e9cial, ce service \u00e0 soupe s&rsquo;adapte \u00e0 toutes les occasions. Sa capacit\u00e9 g\u00e9n\u00e9reuse et son esth\u00e9tique raffin\u00e9e en font un choix id\u00e9al pour impressionner vos convives tout en restant pratique<\/span><\/li>\n<li class=\"a-spacing-mini\" style=\"margin: 0px\"><span class=\"a-list-item\" style=\"color: var(--__N4QdCheV6mGo,#0f1111)\">Facilit\u00e9 d&rsquo;entretien : Ce service \u00e0 soupe en porcelaine est con\u00e7u pour \u00eatre facile \u00e0 nettoyer et \u00e0 entretenir  tout en conservant <\/span><span>l&rsquo;apparence impeccable de votre service pour les prochaines occasions<\/span><\/li>\n<\/ul>\n","protected":false},"excerpt":{"rendered":"<p>Design \u00e9l\u00e9gant : Ce service \u00e0 soupe se distingue par son design \u00e9pur\u00e9 et intemporel qui s&rsquo;int\u00e8gre parfaitement dans toutes les ambiances de table. Sa couleur blanche classique apporte une touche de sophistication et de raffinement, rendant chaque repas plus sp\u00e9cial et m\u00e9morable pour vos invit\u00e9s et votre famille Mat\u00e9riaux de qualit\u00e9 : Fabriqu\u00e9 en [&hellip;]<\/p>\n","protected":false},"featured_media":1913,"comment_status":"open","ping_status":"closed","template":"","meta":[],"product_brand":[],"product_cat":[58],"product_tag":[],"class_list":{"0":"post-1681","1":"product","2":"type-product","3":"status-publish","4":"has-post-thumbnail","6":"product_cat-linges-de-lit","8":"first","9":"instock","10":"sale","11":"shipping-taxable","12":"purchasable","13":"product-type-simple"},"jetpack_sharing_enabled":true,"_links":{"self":[{"href":"https:\/\/www.bintoufaitout.com\/index.php\/wp-json\/wp\/v2\/product\/1681","targetHints":{"allow":["GET"]}}],"collection":[{"href":"https:\/\/www.bintoufaitout.com\/index.php\/wp-json\/wp\/v2\/product"}],"about":[{"href":"https:\/\/www.bintoufaitout.com\/index.php\/wp-json\/wp\/v2\/types\/product"}],"replies":[{"embeddable":true,"href":"https:\/\/www.bintoufaitout.com\/index.php\/wp-json\/wp\/v2\/comments?post=1681"}],"wp:featuredmedia":[{"embeddable":true,"href":"https:\/\/www.bintoufaitout.com\/index.php\/wp-json\/wp\/v2\/media\/1913"}],"wp:attachment":[{"href":"https:\/\/www.bintoufaitout.com\/index.php\/wp-json\/wp\/v2\/media?parent=1681"}],"wp:term":[{"taxonomy":"product_brand","embeddable":true,"href":"https:\/\/www.bintoufaitout.com\/index.php\/wp-json\/wp\/v2\/product_brand?post=1681"},{"taxonomy":"product_cat","embeddable":true,"href":"https:\/\/www.bintoufaitout.com\/index.php\/wp-json\/wp\/v2\/product_cat?post=1681"},{"taxonomy":"product_tag","embeddable":true,"href":"https:\/\/www.bintoufaitout.com\/index.php\/wp-json\/wp\/v2\/product_tag?post=1681"}],"curies":[{"name":"wp","href":"https:\/\/api.w.org\/{rel}","templated":true}]}}