{"id":1690,"date":"2025-02-17T21:46:40","date_gmt":"2025-02-17T20:46:40","guid":{"rendered":"https:\/\/www.bintoufaitout.com\/index.php\/produit\/extracteur-de-jus\/"},"modified":"2025-02-17T21:46:45","modified_gmt":"2025-02-17T20:46:45","slug":"extracteur-de-jus","status":"publish","type":"product","link":"https:\/\/www.bintoufaitout.com\/index.php\/produit\/extracteur-de-jus\/","title":{"rendered":"Extracteur de jus"},"content":{"rendered":"<p><span>Extracteur (centrifugeuse) de jus de fruits et l\u00e9gumes, qualit\u00e9 nutritive !<\/span><br \/>\n<span>Mettre le fruit entier, il n\u2019est pas n\u00e9cessaire de le couper<\/span><br \/>\n<span>Simple et \u00e9l\u00e9gante<\/span><br \/>\n<span>protection Anti surchauffe<\/span><br \/>\n<span>Presse-agrumes automatique professionnel dans un bo\u00eetier en acier inoxydable de haute qualit\u00e9<\/span><br \/>\n<span>Jus de fruits et de l\u00e9gumes pr\u00e9par\u00e9s rapidement et fra\u00eechement<\/span><br \/>\n<span>Riche en min\u00e9raux, essentiels pour le bien-\u00eatre, la forme physique et la sant\u00e9.<\/span><br \/>\n<span>30% plus de jus et de vitamines<\/span><br \/>\n<span>volume remplissage extra large (75 mm \u00d8)<\/span><br \/>\n<span>Extrait le jus de pommes, carottes et autres fruits en quelques secondes sans avoir \u00e0 les hacher<\/span><br \/>\n<span>Moteur puissant de 1000 watts max.<\/span><br \/>\n<span>R\u00e9cipient \u00e0 grand volume (capacit\u00e9 d\u2019environ 2,0 litres)<\/span><br \/>\n<span>verseur Anti-gouttes flexible \u2013 sans \u00e9claboussures ni essuyage<\/span><br \/>\n<span>2 r\u00e9glages de vitesse (0-1-2)<\/span><br \/>\n<span>Serrure avec interrupteur de s\u00e9curit\u00e9<\/span><br \/>\n<span>Tamis en acier inoxydable pour un meilleurs jus<\/span><br \/>\n<span>Peut \u00eatre compl\u00e8tement d\u00e9mont\u00e9&nbsp; pour un nettoyage rapide et facile<\/span><br \/>\n<span>Haute stabilit\u00e9<\/span><br \/>\n<span>Alimentation: 230 V, 50 Hz<\/span><br \/>\n<span>Puissance absorb\u00e9e: 1000 W max<\/span><\/p>\n","protected":false},"excerpt":{"rendered":"<p>Extracteur (centrifugeuse) de jus de fruits et l\u00e9gumes, qualit\u00e9 nutritive ! Mettre le fruit entier, il n\u2019est pas n\u00e9cessaire de le couper Simple et \u00e9l\u00e9gante protection Anti surchauffe Presse-agrumes automatique professionnel dans un bo\u00eetier en acier inoxydable de haute qualit\u00e9 Jus de fruits et de l\u00e9gumes pr\u00e9par\u00e9s rapidement et fra\u00eechement Riche en min\u00e9raux, essentiels pour [&hellip;]<\/p>\n","protected":false},"featured_media":1688,"comment_status":"open","ping_status":"closed","template":"","meta":[],"product_brand":[],"product_cat":[58],"product_tag":[],"class_list":{"0":"post-1690","1":"product","2":"type-product","3":"status-publish","4":"has-post-thumbnail","6":"product_cat-linges-de-lit","8":"first","9":"instock","10":"sale","11":"shipping-taxable","12":"purchasable","13":"product-type-simple"},"jetpack_sharing_enabled":true,"_links":{"self":[{"href":"https:\/\/www.bintoufaitout.com\/index.php\/wp-json\/wp\/v2\/product\/1690","targetHints":{"allow":["GET"]}}],"collection":[{"href":"https:\/\/www.bintoufaitout.com\/index.php\/wp-json\/wp\/v2\/product"}],"about":[{"href":"https:\/\/www.bintoufaitout.com\/index.php\/wp-json\/wp\/v2\/types\/product"}],"replies":[{"embeddable":true,"href":"https:\/\/www.bintoufaitout.com\/index.php\/wp-json\/wp\/v2\/comments?post=1690"}],"wp:featuredmedia":[{"embeddable":true,"href":"https:\/\/www.bintoufaitout.com\/index.php\/wp-json\/wp\/v2\/media\/1688"}],"wp:attachment":[{"href":"https:\/\/www.bintoufaitout.com\/index.php\/wp-json\/wp\/v2\/media?parent=1690"}],"wp:term":[{"taxonomy":"product_brand","embeddable":true,"href":"https:\/\/www.bintoufaitout.com\/index.php\/wp-json\/wp\/v2\/product_brand?post=1690"},{"taxonomy":"product_cat","embeddable":true,"href":"https:\/\/www.bintoufaitout.com\/index.php\/wp-json\/wp\/v2\/product_cat?post=1690"},{"taxonomy":"product_tag","embeddable":true,"href":"https:\/\/www.bintoufaitout.com\/index.php\/wp-json\/wp\/v2\/product_tag?post=1690"}],"curies":[{"name":"wp","href":"https:\/\/api.w.org\/{rel}","templated":true}]}}