{"id":172,"date":"2023-03-10T22:00:33","date_gmt":"2023-03-10T21:00:33","guid":{"rendered":"http:\/\/www.bintoufaitout.com\/?post_type=product&#038;p=172"},"modified":"2025-09-18T09:01:32","modified_gmt":"2025-09-18T07:01:32","slug":"blender-inox","status":"publish","type":"product","link":"https:\/\/www.bintoufaitout.com\/index.php\/produit\/blender-inox\/","title":{"rendered":"Blender inox"},"content":{"rendered":"<p>Ce blender en inox fournit avec son bocal \u00ab\u00a0grinder\u00a0\u00bb est compos\u00e9 d\u2019un moteur de 1030W, d\u2019un bocal d\u2019une contenance de 1,5litre qui contient 4 lames pour la parfaite d\u00e9coupe de vos produit.<\/p>\n<p>Grace \u00e0 ce puissant moteur de 1030W vous disposez de 3 vitesse de d\u00e9coupe afin de l\u2019adapter au mieux a vos besoin ainsi que d\u2019une fonction \u00ab\u00a0pulse\u00a0\u00bb qui vous permet de g\u00e9rer manuellement la vitesse de rotation des lames<\/p>\n<blockquote><p>place aux bons jus de fruits et milkshakes !<\/p><\/blockquote>\n","protected":false},"excerpt":{"rendered":"<p>Ce blender en inox fournit avec son bocal \u00ab\u00a0grinder\u00a0\u00bb est compos\u00e9 d\u2019un moteur de 1030W, d\u2019un bocal d\u2019une contenance de 1,5litre qui contient 4 lames pour la parfaite d\u00e9coupe de vos produit. Grace \u00e0 ce puissant moteur de 1030W vous disposez de 3 vitesse de d\u00e9coupe afin de l\u2019adapter au mieux a vos besoin ainsi [&hellip;]<\/p>\n","protected":false},"featured_media":173,"comment_status":"open","ping_status":"closed","template":"","meta":[],"product_brand":[],"product_cat":[23],"product_tag":[],"class_list":{"0":"post-172","1":"product","2":"type-product","3":"status-publish","4":"has-post-thumbnail","6":"product_cat-ustensiles-cuisine","8":"first","9":"instock","10":"sale","11":"shipping-taxable","12":"purchasable","13":"product-type-simple"},"jetpack_sharing_enabled":true,"_links":{"self":[{"href":"https:\/\/www.bintoufaitout.com\/index.php\/wp-json\/wp\/v2\/product\/172","targetHints":{"allow":["GET"]}}],"collection":[{"href":"https:\/\/www.bintoufaitout.com\/index.php\/wp-json\/wp\/v2\/product"}],"about":[{"href":"https:\/\/www.bintoufaitout.com\/index.php\/wp-json\/wp\/v2\/types\/product"}],"replies":[{"embeddable":true,"href":"https:\/\/www.bintoufaitout.com\/index.php\/wp-json\/wp\/v2\/comments?post=172"}],"wp:featuredmedia":[{"embeddable":true,"href":"https:\/\/www.bintoufaitout.com\/index.php\/wp-json\/wp\/v2\/media\/173"}],"wp:attachment":[{"href":"https:\/\/www.bintoufaitout.com\/index.php\/wp-json\/wp\/v2\/media?parent=172"}],"wp:term":[{"taxonomy":"product_brand","embeddable":true,"href":"https:\/\/www.bintoufaitout.com\/index.php\/wp-json\/wp\/v2\/product_brand?post=172"},{"taxonomy":"product_cat","embeddable":true,"href":"https:\/\/www.bintoufaitout.com\/index.php\/wp-json\/wp\/v2\/product_cat?post=172"},{"taxonomy":"product_tag","embeddable":true,"href":"https:\/\/www.bintoufaitout.com\/index.php\/wp-json\/wp\/v2\/product_tag?post=172"}],"curies":[{"name":"wp","href":"https:\/\/api.w.org\/{rel}","templated":true}]}}