{"id":1736,"date":"2025-02-28T17:13:59","date_gmt":"2025-02-28T16:13:59","guid":{"rendered":"https:\/\/www.bintoufaitout.com\/index.php\/produit\/poele-a-beignets\/"},"modified":"2025-05-20T22:34:45","modified_gmt":"2025-05-20T20:34:45","slug":"poele-a-beignets","status":"publish","type":"product","link":"https:\/\/www.bintoufaitout.com\/index.php\/produit\/poele-a-beignets\/","title":{"rendered":"Po\u00eale \u00e0 beignets"},"content":{"rendered":"<p>Po\u00eale \u00e0 beignets tous feux sauf induction<\/p>\n<p>Id\u00e9al pour r\u00e9aliser 7 beignets en m\u00eame temps<\/p>\n<p>Poign\u00e9es anti chauffe<\/p>\n<p>Diam\u00e8tre 28 cm<\/p>\n","protected":false},"excerpt":{"rendered":"<p>Po\u00eale \u00e0 beignets tous feux sauf induction Id\u00e9al pour r\u00e9aliser 7 beignets en m\u00eame temps Poign\u00e9es anti chauffe Diam\u00e8tre 28 cm<\/p>\n","protected":false},"featured_media":1735,"comment_status":"open","ping_status":"closed","template":"","meta":[],"product_brand":[],"product_cat":[58],"product_tag":[],"class_list":{"0":"post-1736","1":"product","2":"type-product","3":"status-publish","4":"has-post-thumbnail","6":"product_cat-linges-de-lit","8":"first","9":"outofstock","10":"shipping-taxable","11":"purchasable","12":"product-type-simple"},"jetpack_sharing_enabled":true,"_links":{"self":[{"href":"https:\/\/www.bintoufaitout.com\/index.php\/wp-json\/wp\/v2\/product\/1736","targetHints":{"allow":["GET"]}}],"collection":[{"href":"https:\/\/www.bintoufaitout.com\/index.php\/wp-json\/wp\/v2\/product"}],"about":[{"href":"https:\/\/www.bintoufaitout.com\/index.php\/wp-json\/wp\/v2\/types\/product"}],"replies":[{"embeddable":true,"href":"https:\/\/www.bintoufaitout.com\/index.php\/wp-json\/wp\/v2\/comments?post=1736"}],"wp:featuredmedia":[{"embeddable":true,"href":"https:\/\/www.bintoufaitout.com\/index.php\/wp-json\/wp\/v2\/media\/1735"}],"wp:attachment":[{"href":"https:\/\/www.bintoufaitout.com\/index.php\/wp-json\/wp\/v2\/media?parent=1736"}],"wp:term":[{"taxonomy":"product_brand","embeddable":true,"href":"https:\/\/www.bintoufaitout.com\/index.php\/wp-json\/wp\/v2\/product_brand?post=1736"},{"taxonomy":"product_cat","embeddable":true,"href":"https:\/\/www.bintoufaitout.com\/index.php\/wp-json\/wp\/v2\/product_cat?post=1736"},{"taxonomy":"product_tag","embeddable":true,"href":"https:\/\/www.bintoufaitout.com\/index.php\/wp-json\/wp\/v2\/product_tag?post=1736"}],"curies":[{"name":"wp","href":"https:\/\/api.w.org\/{rel}","templated":true}]}}