{"id":1881,"date":"2025-05-02T15:58:47","date_gmt":"2025-05-02T13:58:47","guid":{"rendered":"https:\/\/www.bintoufaitout.com\/index.php\/produit\/grand-faitout-inox\/"},"modified":"2025-05-21T14:45:45","modified_gmt":"2025-05-21T12:45:45","slug":"grand-faitout-inox","status":"publish","type":"product","link":"https:\/\/www.bintoufaitout.com\/index.php\/produit\/grand-faitout-inox\/","title":{"rendered":"Grand faitout inox"},"content":{"rendered":"<p><span>Faitout 40x 13cm, disque avec couvercle &#8211; Capacit\u00e9 : 18L &#8211; Fabriqu\u00e9 en acier inoxydable &#8211; &#8211; Poign\u00e9es professionnelles &#8211; Convient \u00e0 tous types de feux, y compris l&rsquo;induction Extr\u00eamement r\u00e9sistants \u00e0 l&rsquo;abrasion et adapt\u00e9s \u00e0 une utilisation quotidienne. De plus, ils sont dot\u00e9s d&rsquo;un fond capsul\u00e9 \u00e9pais qui permet une diffusion rapide de la chaleur.<\/span><\/p>\n<p><span>Anti adh\u00e9rent <\/span><\/p>\n<p><span>Passe au lave vaisselle<\/span><\/p>\n","protected":false},"excerpt":{"rendered":"<p>Faitout 40x 13cm, disque avec couvercle &#8211; Capacit\u00e9 : 18L &#8211; Fabriqu\u00e9 en acier inoxydable &#8211; &#8211; Poign\u00e9es professionnelles &#8211; Convient \u00e0 tous types de feux, y compris l&rsquo;induction Extr\u00eamement r\u00e9sistants \u00e0 l&rsquo;abrasion et adapt\u00e9s \u00e0 une utilisation quotidienne. De plus, ils sont dot\u00e9s d&rsquo;un fond capsul\u00e9 \u00e9pais qui permet une diffusion rapide de la [&hellip;]<\/p>\n","protected":false},"featured_media":1878,"comment_status":"open","ping_status":"closed","template":"","meta":[],"product_brand":[],"product_cat":[58],"product_tag":[],"class_list":{"0":"post-1881","1":"product","2":"type-product","3":"status-publish","4":"has-post-thumbnail","6":"product_cat-linges-de-lit","8":"first","9":"outofstock","10":"sale","11":"shipping-taxable","12":"purchasable","13":"product-type-simple"},"jetpack_sharing_enabled":true,"_links":{"self":[{"href":"https:\/\/www.bintoufaitout.com\/index.php\/wp-json\/wp\/v2\/product\/1881","targetHints":{"allow":["GET"]}}],"collection":[{"href":"https:\/\/www.bintoufaitout.com\/index.php\/wp-json\/wp\/v2\/product"}],"about":[{"href":"https:\/\/www.bintoufaitout.com\/index.php\/wp-json\/wp\/v2\/types\/product"}],"replies":[{"embeddable":true,"href":"https:\/\/www.bintoufaitout.com\/index.php\/wp-json\/wp\/v2\/comments?post=1881"}],"wp:featuredmedia":[{"embeddable":true,"href":"https:\/\/www.bintoufaitout.com\/index.php\/wp-json\/wp\/v2\/media\/1878"}],"wp:attachment":[{"href":"https:\/\/www.bintoufaitout.com\/index.php\/wp-json\/wp\/v2\/media?parent=1881"}],"wp:term":[{"taxonomy":"product_brand","embeddable":true,"href":"https:\/\/www.bintoufaitout.com\/index.php\/wp-json\/wp\/v2\/product_brand?post=1881"},{"taxonomy":"product_cat","embeddable":true,"href":"https:\/\/www.bintoufaitout.com\/index.php\/wp-json\/wp\/v2\/product_cat?post=1881"},{"taxonomy":"product_tag","embeddable":true,"href":"https:\/\/www.bintoufaitout.com\/index.php\/wp-json\/wp\/v2\/product_tag?post=1881"}],"curies":[{"name":"wp","href":"https:\/\/api.w.org\/{rel}","templated":true}]}}