{"id":191,"date":"2023-03-10T22:45:09","date_gmt":"2023-03-10T21:45:09","guid":{"rendered":"http:\/\/www.bintoufaitout.com\/?post_type=product&#038;p=191"},"modified":"2023-03-10T22:45:09","modified_gmt":"2023-03-10T21:45:09","slug":"hachoir-a-viande-electrique","status":"publish","type":"product","link":"https:\/\/www.bintoufaitout.com\/index.php\/produit\/hachoir-a-viande-electrique\/","title":{"rendered":"Hachoir \u00e0 viande \u00e9lectrique"},"content":{"rendered":"<p>Ce robot hachoir sera l\u2019alli\u00e9 de la nourriture saine dont votre corps a besoin. Fini les steak surgel\u00e9, place \u00e0 la viande de qualit\u00e9 et fraiche.<\/p>\n<p>Caract\u00e9ristique:<\/p>\n<ul>\n<li>Plaque avant chrom\u00e9e en m\u00e9tal<\/li>\n<li>Plateau d\u2019alimentation en m\u00e9tal<\/li>\n<li>Vis d\u2019alimentation en m\u00e9tal<\/li>\n<li>3 disques en INOX (7\/5\/3 mm)<\/li>\n<li>Couteau en Inox<\/li>\n<li>Accessoire de remplissage de saucisse (kit \u00e0 kebb\u00e9s)<\/li>\n<li>Interrupteur marche \/ arr\u00eat<\/li>\n<li>Fonction inverse<\/li>\n<li>Pied antid\u00e9rapant a<\/li>\n<li>Alimentation: 230 V, 50 Hz<\/li>\n<li>puissance: 1200 W max.<\/li>\n<\/ul>\n","protected":false},"excerpt":{"rendered":"<p>Ce robot hachoir sera l\u2019alli\u00e9 de la nourriture saine dont votre corps a besoin. Fini les steak surgel\u00e9, place \u00e0 la viande de qualit\u00e9 et fraiche. Caract\u00e9ristique: Plaque avant chrom\u00e9e en m\u00e9tal Plateau d\u2019alimentation en m\u00e9tal Vis d\u2019alimentation en m\u00e9tal 3 disques en INOX (7\/5\/3 mm) Couteau en Inox Accessoire de remplissage de saucisse (kit [&hellip;]<\/p>\n","protected":false},"featured_media":192,"comment_status":"open","ping_status":"closed","template":"","meta":[],"product_brand":[],"product_cat":[23],"product_tag":[],"class_list":{"0":"post-191","1":"product","2":"type-product","3":"status-publish","4":"has-post-thumbnail","6":"product_cat-ustensiles-cuisine","8":"first","9":"instock","10":"shipping-taxable","11":"purchasable","12":"product-type-simple"},"jetpack_sharing_enabled":true,"_links":{"self":[{"href":"https:\/\/www.bintoufaitout.com\/index.php\/wp-json\/wp\/v2\/product\/191","targetHints":{"allow":["GET"]}}],"collection":[{"href":"https:\/\/www.bintoufaitout.com\/index.php\/wp-json\/wp\/v2\/product"}],"about":[{"href":"https:\/\/www.bintoufaitout.com\/index.php\/wp-json\/wp\/v2\/types\/product"}],"replies":[{"embeddable":true,"href":"https:\/\/www.bintoufaitout.com\/index.php\/wp-json\/wp\/v2\/comments?post=191"}],"wp:featuredmedia":[{"embeddable":true,"href":"https:\/\/www.bintoufaitout.com\/index.php\/wp-json\/wp\/v2\/media\/192"}],"wp:attachment":[{"href":"https:\/\/www.bintoufaitout.com\/index.php\/wp-json\/wp\/v2\/media?parent=191"}],"wp:term":[{"taxonomy":"product_brand","embeddable":true,"href":"https:\/\/www.bintoufaitout.com\/index.php\/wp-json\/wp\/v2\/product_brand?post=191"},{"taxonomy":"product_cat","embeddable":true,"href":"https:\/\/www.bintoufaitout.com\/index.php\/wp-json\/wp\/v2\/product_cat?post=191"},{"taxonomy":"product_tag","embeddable":true,"href":"https:\/\/www.bintoufaitout.com\/index.php\/wp-json\/wp\/v2\/product_tag?post=191"}],"curies":[{"name":"wp","href":"https:\/\/api.w.org\/{rel}","templated":true}]}}