{"id":1922,"date":"2025-05-22T09:17:26","date_gmt":"2025-05-22T07:17:26","guid":{"rendered":"https:\/\/www.bintoufaitout.com\/index.php\/produit\/bouilloire-inox-35-litres\/"},"modified":"2025-09-05T15:25:12","modified_gmt":"2025-09-05T13:25:12","slug":"bouilloire-inox-35-litres","status":"publish","type":"product","link":"https:\/\/www.bintoufaitout.com\/index.php\/produit\/bouilloire-inox-35-litres\/","title":{"rendered":"Bouilloire inox 3,5 litres"},"content":{"rendered":"<p><span>D\u00e9couvrez cette bouilloire au design vintage \u00e9quip\u00e9e d&rsquo;un sifflet. Cette bouilloire de 3,5L est compatible tous feux dont induction<\/span><\/p>\n<p><span>Sa<\/span><span><span class=\"Apple-converted-space\">&nbsp;<\/span><\/span><strong>poign\u00e9e ergonomique<span class=\"Apple-converted-space\">&nbsp;<\/span><\/strong><span>&nbsp;en<\/span><span><span class=\"Apple-converted-space\">&nbsp;<\/span><\/span><strong>ABS noir<span class=\"Apple-converted-space\">&nbsp;<\/span><\/strong><span>facilite la prise en main de la<\/span><span><span class=\"Apple-converted-space\">&nbsp;<\/span><\/span><a href=\"https:\/\/www.maxicoffee.com\/bouilloire-vintage-c-4_125_1556.html\" target=\"_blank\" rel=\"noopener\">bouilloire vintage<\/a><span>.<\/span><span><span class=\"Apple-converted-space\">&nbsp;<\/span><\/span><strong>Ouverture centrale<span class=\"Apple-converted-space\">&nbsp;<\/span><\/strong><span>pour le<\/span><span><span class=\"Apple-converted-space\">&nbsp;<\/span><\/span><strong>remplissage<span class=\"Apple-converted-space\">&nbsp;<\/span><\/strong><span>et le<\/span><span><span class=\"Apple-converted-space\">&nbsp;<\/span><\/span><strong>nettoyage.<\/strong><\/p>\n","protected":false},"excerpt":{"rendered":"<p>D\u00e9couvrez cette bouilloire au design vintage \u00e9quip\u00e9e d&rsquo;un sifflet. Cette bouilloire de 3,5L est compatible tous feux dont induction Sa&nbsp;poign\u00e9e ergonomique&nbsp;&nbsp;en&nbsp;ABS noir&nbsp;facilite la prise en main de la&nbsp;bouilloire vintage.&nbsp;Ouverture centrale&nbsp;pour le&nbsp;remplissage&nbsp;et le&nbsp;nettoyage.<\/p>\n","protected":false},"featured_media":2008,"comment_status":"open","ping_status":"closed","template":"","meta":[],"product_brand":[],"product_cat":[58],"product_tag":[],"class_list":{"0":"post-1922","1":"product","2":"type-product","3":"status-publish","4":"has-post-thumbnail","6":"product_cat-linges-de-lit","8":"first","9":"instock","10":"shipping-taxable","11":"purchasable","12":"product-type-simple"},"jetpack_sharing_enabled":true,"_links":{"self":[{"href":"https:\/\/www.bintoufaitout.com\/index.php\/wp-json\/wp\/v2\/product\/1922","targetHints":{"allow":["GET"]}}],"collection":[{"href":"https:\/\/www.bintoufaitout.com\/index.php\/wp-json\/wp\/v2\/product"}],"about":[{"href":"https:\/\/www.bintoufaitout.com\/index.php\/wp-json\/wp\/v2\/types\/product"}],"replies":[{"embeddable":true,"href":"https:\/\/www.bintoufaitout.com\/index.php\/wp-json\/wp\/v2\/comments?post=1922"}],"wp:featuredmedia":[{"embeddable":true,"href":"https:\/\/www.bintoufaitout.com\/index.php\/wp-json\/wp\/v2\/media\/2008"}],"wp:attachment":[{"href":"https:\/\/www.bintoufaitout.com\/index.php\/wp-json\/wp\/v2\/media?parent=1922"}],"wp:term":[{"taxonomy":"product_brand","embeddable":true,"href":"https:\/\/www.bintoufaitout.com\/index.php\/wp-json\/wp\/v2\/product_brand?post=1922"},{"taxonomy":"product_cat","embeddable":true,"href":"https:\/\/www.bintoufaitout.com\/index.php\/wp-json\/wp\/v2\/product_cat?post=1922"},{"taxonomy":"product_tag","embeddable":true,"href":"https:\/\/www.bintoufaitout.com\/index.php\/wp-json\/wp\/v2\/product_tag?post=1922"}],"curies":[{"name":"wp","href":"https:\/\/api.w.org\/{rel}","templated":true}]}}