{"id":1935,"date":"2025-08-01T01:02:18","date_gmt":"2025-07-31T23:02:18","guid":{"rendered":"https:\/\/www.bintoufaitout.com\/index.php\/produit\/caroussel-a-epices\/"},"modified":"2025-08-01T01:02:22","modified_gmt":"2025-07-31T23:02:22","slug":"caroussel-a-epices","status":"publish","type":"product","link":"https:\/\/www.bintoufaitout.com\/index.php\/produit\/caroussel-a-epices\/","title":{"rendered":"Caroussel \u00e0 \u00e9pices"},"content":{"rendered":"<p><span style=\"font-family: CircularStd, Helvetica, Arial, sans-serif;font-size: 16px;font-style: normal;font-weight: 450;letter-spacing: normal;text-align: left;text-indent: 0px;text-transform: none;text-decoration: none;float: none\">Optez pour ce carrousel \u00e0 \u00e9pices pratique et design pour ranger vos \u00e9pices.support rotatif avec 6 pots<\/span><\/p>\n","protected":false},"excerpt":{"rendered":"<p>Optez pour ce carrousel \u00e0 \u00e9pices pratique et design pour ranger vos \u00e9pices.support rotatif avec 6 pots<\/p>\n","protected":false},"featured_media":1934,"comment_status":"open","ping_status":"closed","template":"","meta":[],"product_brand":[],"product_cat":[58],"product_tag":[],"class_list":{"0":"post-1935","1":"product","2":"type-product","3":"status-publish","4":"has-post-thumbnail","6":"product_cat-linges-de-lit","8":"first","9":"instock","10":"shipping-taxable","11":"purchasable","12":"product-type-simple"},"jetpack_sharing_enabled":true,"_links":{"self":[{"href":"https:\/\/www.bintoufaitout.com\/index.php\/wp-json\/wp\/v2\/product\/1935","targetHints":{"allow":["GET"]}}],"collection":[{"href":"https:\/\/www.bintoufaitout.com\/index.php\/wp-json\/wp\/v2\/product"}],"about":[{"href":"https:\/\/www.bintoufaitout.com\/index.php\/wp-json\/wp\/v2\/types\/product"}],"replies":[{"embeddable":true,"href":"https:\/\/www.bintoufaitout.com\/index.php\/wp-json\/wp\/v2\/comments?post=1935"}],"wp:featuredmedia":[{"embeddable":true,"href":"https:\/\/www.bintoufaitout.com\/index.php\/wp-json\/wp\/v2\/media\/1934"}],"wp:attachment":[{"href":"https:\/\/www.bintoufaitout.com\/index.php\/wp-json\/wp\/v2\/media?parent=1935"}],"wp:term":[{"taxonomy":"product_brand","embeddable":true,"href":"https:\/\/www.bintoufaitout.com\/index.php\/wp-json\/wp\/v2\/product_brand?post=1935"},{"taxonomy":"product_cat","embeddable":true,"href":"https:\/\/www.bintoufaitout.com\/index.php\/wp-json\/wp\/v2\/product_cat?post=1935"},{"taxonomy":"product_tag","embeddable":true,"href":"https:\/\/www.bintoufaitout.com\/index.php\/wp-json\/wp\/v2\/product_tag?post=1935"}],"curies":[{"name":"wp","href":"https:\/\/api.w.org\/{rel}","templated":true}]}}