{"id":2100,"date":"2025-12-20T20:45:01","date_gmt":"2025-12-20T19:45:01","guid":{"rendered":"https:\/\/www.bintoufaitout.com\/index.php\/produit\/soupiere-16pcs\/"},"modified":"2026-01-23T13:21:24","modified_gmt":"2026-01-23T12:21:24","slug":"soupiere-16pcs","status":"publish","type":"product","link":"https:\/\/www.bintoufaitout.com\/index.php\/produit\/soupiere-16pcs\/","title":{"rendered":"Soupi\u00e8re 16pcs"},"content":{"rendered":"<p data-pm-slice=\"1 1 []\" style=\"font-style: normal;font-weight: 400;letter-spacing: normal;text-align: start;text-indent: 0px;text-transform: none;white-space: normal;text-decoration: none\">Sp\u00e9cifications \u00e9l\u00e9gantes \u2728<span class=\"Apple-converted-space\">&nbsp;<\/span><\/p>\n<p style=\"font-style: normal;font-weight: 400;letter-spacing: normal;text-align: start;text-indent: 0px;text-transform: none;white-space: normal;text-decoration: none\">La soupi\u00e8re blanche avec bordure dor\u00e9e et relief 3D est tr\u00e8s jolie. Parfaite<\/p>\n<p style=\"font-style: normal;font-weight: 400;letter-spacing: normal;text-align: start;text-indent: 0px;text-transform: none;white-space: normal;text-decoration: none\">pour servir divers types de nourriture. Attention : pas de flamme \u00e0 gaz<\/p>\n<p style=\"font-style: normal;font-weight: 400;letter-spacing: normal;text-align: start;text-indent: 0px;text-transform: none;white-space: normal;text-decoration: none\">ouverte et utilisation d&rsquo;une cuisini\u00e8re \u00e0 induction.<\/p>\n<p style=\"font-style: normal;font-weight: 400;letter-spacing: normal;text-align: start;text-indent: 0px;text-transform: none;white-space: normal;text-decoration: none\">* Double poign\u00e9e anti-\u00e9chaudure<\/p>\n<p style=\"font-style: normal;font-weight: 400;letter-spacing: normal;text-align: start;text-indent: 0px;text-transform: none;white-space: normal;text-decoration: none\">* Couvercle et 6 cuill\u00e8res inclus<\/p>\n<p style=\"font-style: normal;font-weight: 400;letter-spacing: normal;text-align: start;text-indent: 0px;text-transform: none;white-space: normal;text-decoration: none\">* Louche pratique pour soupe chaude.<span class=\"Apple-converted-space\">&nbsp;<\/span><\/p>\n<p style=\"font-style: normal;font-weight: 400;letter-spacing: normal;text-align: start;text-indent: 0px;text-transform: none;white-space: normal;text-decoration: none\">Cette soupi\u00e8re est multifonctionnelle, id\u00e9ale pour p\u00e2tes, soupe, ap\u00e9ritifs,<\/p>\n<p style=\"font-style: normal;font-weight: 400;letter-spacing: normal;text-align: start;text-indent: 0px;text-transform: none;white-space: normal;text-decoration: none\">fruits, etc.<\/p>\n<p style=\"font-style: normal;font-weight: 400;letter-spacing: normal;text-align: start;text-indent: 0px;text-transform: none;white-space: normal;text-decoration: none\">Nos soupi\u00e8res sont en porcelaine d&rsquo;os de haute qualit\u00e9. Conception innovante,<\/p>\n<p style=\"font-style: normal;font-weight: 400;letter-spacing: normal;text-align: start;text-indent: 0px;text-transform: none;white-space: normal;text-decoration: none\">ex\u00e9cution exquise, anti-chaud et antid\u00e9rapant. Sain et favorable \u00e0<\/p>\n<p style=\"font-style: normal;font-weight: 400;letter-spacing: normal;text-align: start;text-indent: 0px;text-transform: none;white-space: normal;text-decoration: none\">l&rsquo;environnement.<\/p>\n<p style=\"font-style: normal;font-weight: 400;letter-spacing: normal;text-align: start;text-indent: 0px;text-transform: none;white-space: normal;text-decoration: none\">De la nourriture d\u00e9licieuse se r\u00e9unit dans cette soupi\u00e8re avec couvercle. Elle<\/p>\n<p style=\"font-style: normal;font-weight: 400;letter-spacing: normal;text-align: start;text-indent: 0px;text-transform: none;white-space: normal;text-decoration: none\">compl\u00e8te et ressort le meilleur pour le plaisir de cuisiner. Bougie r\u00e9chauffe<\/p>\n<p style=\"font-style: normal;font-weight: 400;letter-spacing: normal;text-align: start;text-indent: 0px;text-transform: none;white-space: normal;text-decoration: none\">plat sous la soupi\u00e8re.<\/p>\n","protected":false},"excerpt":{"rendered":"<p>Sp\u00e9cifications \u00e9l\u00e9gantes \u2728&nbsp; La soupi\u00e8re blanche avec bordure dor\u00e9e et relief 3D est tr\u00e8s jolie. Parfaite pour servir divers types de nourriture. Attention : pas de flamme \u00e0 gaz ouverte et utilisation d&rsquo;une cuisini\u00e8re \u00e0 induction. * Double poign\u00e9e anti-\u00e9chaudure * Couvercle et 6 cuill\u00e8res inclus * Louche pratique pour soupe chaude.&nbsp; Cette soupi\u00e8re est [&hellip;]<\/p>\n","protected":false},"featured_media":2099,"comment_status":"open","ping_status":"closed","template":"","meta":[],"product_brand":[],"product_cat":[23,58],"product_tag":[],"class_list":{"0":"post-2100","1":"product","2":"type-product","3":"status-publish","4":"has-post-thumbnail","6":"product_cat-ustensiles-cuisine","7":"product_cat-linges-de-lit","9":"first","10":"instock","11":"sale","12":"shipping-taxable","13":"purchasable","14":"product-type-simple"},"jetpack_sharing_enabled":true,"_links":{"self":[{"href":"https:\/\/www.bintoufaitout.com\/index.php\/wp-json\/wp\/v2\/product\/2100","targetHints":{"allow":["GET"]}}],"collection":[{"href":"https:\/\/www.bintoufaitout.com\/index.php\/wp-json\/wp\/v2\/product"}],"about":[{"href":"https:\/\/www.bintoufaitout.com\/index.php\/wp-json\/wp\/v2\/types\/product"}],"replies":[{"embeddable":true,"href":"https:\/\/www.bintoufaitout.com\/index.php\/wp-json\/wp\/v2\/comments?post=2100"}],"wp:featuredmedia":[{"embeddable":true,"href":"https:\/\/www.bintoufaitout.com\/index.php\/wp-json\/wp\/v2\/media\/2099"}],"wp:attachment":[{"href":"https:\/\/www.bintoufaitout.com\/index.php\/wp-json\/wp\/v2\/media?parent=2100"}],"wp:term":[{"taxonomy":"product_brand","embeddable":true,"href":"https:\/\/www.bintoufaitout.com\/index.php\/wp-json\/wp\/v2\/product_brand?post=2100"},{"taxonomy":"product_cat","embeddable":true,"href":"https:\/\/www.bintoufaitout.com\/index.php\/wp-json\/wp\/v2\/product_cat?post=2100"},{"taxonomy":"product_tag","embeddable":true,"href":"https:\/\/www.bintoufaitout.com\/index.php\/wp-json\/wp\/v2\/product_tag?post=2100"}],"curies":[{"name":"wp","href":"https:\/\/api.w.org\/{rel}","templated":true}]}}