{"id":527,"date":"2023-04-16T00:53:28","date_gmt":"2023-04-15T22:53:28","guid":{"rendered":"http:\/\/www.bintoufaitout.com\/?post_type=product&#038;p=527"},"modified":"2025-09-05T15:38:36","modified_gmt":"2025-09-05T13:38:36","slug":"lot-4-faitouts-design-chou-fleur","status":"publish","type":"product","link":"https:\/\/www.bintoufaitout.com\/index.php\/produit\/lot-4-faitouts-design-chou-fleur\/","title":{"rendered":"Lot 4 faitouts design chou fleur"},"content":{"rendered":"<div id=\"featurebullets_feature_div\" class=\"a-section\">\n<div id=\"feature-bullets\" class=\"a-section a-spacing-small\">\n<p>&nbsp;<\/p>\n<ul class=\"a-unordered-list a-vertical a-spacing-none\">\n<li><span class=\"a-list-item\">\u2705Faitout livr\u00e9 avec leurs Couvercles en Verre et ses 2 Manchons en Silicone.<\/span><\/li>\n<li><span class=\"a-list-item\">\u2705Le Triple Fond de ce Faitout est Tous Feux y Compris Induction.Passe au Four.<\/span><\/li>\n<li><span class=\"a-list-item\">\u2705V\u00e9ritable coup de coeur des clients !!! Rapport Qualit\u00e9 Prix Exceptionnel<\/span><\/li>\n<li><span class=\"a-list-item\">\u2705Rev\u00eatement en Greblon C2 de Technologie Allemande\ud83c\udde9\ud83c\uddea Certifi\u00e9\ufe0f<\/span><\/li>\n<\/ul>\n<\/div>\n<\/div>\n<div id=\"productDescription_feature_div\" class=\"a-section a-spacing-top-medium\">\n<h5>Description<\/h5>\n<div id=\"productDescription_fullView\">\n<h5>Description du produit<\/h5>\n<div class=\"a-section text-direction-override\" dir=\"auto\">\n<p>\u00a0Faitout et son couvercle en verre. En fonte d&rsquo;aluminium et rev\u00eatement anti-adh\u00e9rent de qualit\u00e9 professionnelle. Le rev\u00eatement de ce faitout tous feux et m\u00eame induction est ind\u00e9formable. Son rev\u00eatement anti-adh\u00e9rent haute qualit\u00e9 permet une cuisson saine sans ou avec tr\u00e8s peu de graisse. Juste un peu pour le gout ! \u00a0Coup de coeur des acheteurs internet. La gamme est compl\u00e8te et suivie toute l&rsquo;ann\u00e9e. Elle se compose de : 4 tailles de faitout de 20\/24\/28 et 32 cm nous avons s\u00e9lectionn\u00e9 cette gamme Professionnelle dont le rapport qualit\u00e9 prix est exceptionnel. Vous pouvez commencer \u00e0 vous confectionner une batterie de cuisine compl\u00e8te petit \u00e0 petit car nous suivons cette gamme toute l&rsquo;ann\u00e9e \u00e0 un prix tr\u00e8s doux !<\/p>\n<\/div>\n<\/div>\n<\/div>\n","protected":false},"excerpt":{"rendered":"<p>&nbsp; \u2705Faitout livr\u00e9 avec leurs Couvercles en Verre et ses 2 Manchons en Silicone. \u2705Le Triple Fond de ce Faitout est Tous Feux y Compris Induction.Passe au Four. \u2705V\u00e9ritable coup de coeur des clients !!! Rapport Qualit\u00e9 Prix Exceptionnel \u2705Rev\u00eatement en Greblon C2 de Technologie Allemande\ud83c\udde9\ud83c\uddea Certifi\u00e9\ufe0f Description Description du produit \u00a0Faitout et son couvercle [&hellip;]<\/p>\n","protected":false},"featured_media":528,"comment_status":"open","ping_status":"closed","template":"","meta":[],"product_brand":[],"product_cat":[23],"product_tag":[],"class_list":{"0":"post-527","1":"product","2":"type-product","3":"status-publish","4":"has-post-thumbnail","6":"product_cat-ustensiles-cuisine","7":"product_shipping_class-24","9":"first","10":"instock","11":"sale","12":"shipping-taxable","13":"purchasable","14":"product-type-simple"},"jetpack_sharing_enabled":true,"_links":{"self":[{"href":"https:\/\/www.bintoufaitout.com\/index.php\/wp-json\/wp\/v2\/product\/527","targetHints":{"allow":["GET"]}}],"collection":[{"href":"https:\/\/www.bintoufaitout.com\/index.php\/wp-json\/wp\/v2\/product"}],"about":[{"href":"https:\/\/www.bintoufaitout.com\/index.php\/wp-json\/wp\/v2\/types\/product"}],"replies":[{"embeddable":true,"href":"https:\/\/www.bintoufaitout.com\/index.php\/wp-json\/wp\/v2\/comments?post=527"}],"wp:featuredmedia":[{"embeddable":true,"href":"https:\/\/www.bintoufaitout.com\/index.php\/wp-json\/wp\/v2\/media\/528"}],"wp:attachment":[{"href":"https:\/\/www.bintoufaitout.com\/index.php\/wp-json\/wp\/v2\/media?parent=527"}],"wp:term":[{"taxonomy":"product_brand","embeddable":true,"href":"https:\/\/www.bintoufaitout.com\/index.php\/wp-json\/wp\/v2\/product_brand?post=527"},{"taxonomy":"product_cat","embeddable":true,"href":"https:\/\/www.bintoufaitout.com\/index.php\/wp-json\/wp\/v2\/product_cat?post=527"},{"taxonomy":"product_tag","embeddable":true,"href":"https:\/\/www.bintoufaitout.com\/index.php\/wp-json\/wp\/v2\/product_tag?post=527"}],"curies":[{"name":"wp","href":"https:\/\/api.w.org\/{rel}","templated":true}]}}