{"id":612,"date":"2024-04-30T21:20:03","date_gmt":"2024-04-30T19:20:03","guid":{"rendered":"https:\/\/www.bintoufaitout.com\/?post_type=product&#038;p=612"},"modified":"2025-08-01T00:44:22","modified_gmt":"2025-07-31T22:44:22","slug":"lot-4-faitouts-inox","status":"publish","type":"product","link":"https:\/\/www.bintoufaitout.com\/index.php\/produit\/lot-4-faitouts-inox\/","title":{"rendered":"Lot 4 faitouts inox"},"content":{"rendered":"<p>Les faitouts en inox 24\/26\/28\/30 cm de la gamme rosemberg ont \u00e9t\u00e9 con\u00e7ue pour faciliter la cuisine. Robuste et inusable, elle n\u2019en sont pas moins l\u00e9g\u00e8res et maniables. Ses poign\u00e9es sont antid\u00e9rapantes, et son triple fond encapsul\u00e9 d&rsquo;une \u00e9paisseur de 5 mm permet une r\u00e9partition homog\u00e8ne de la chaleur, pour une cuisson optimale. En inox de qualit\u00e9 sup\u00e9rieure, ces faitouts conviennent pour tous types de feux dont induction. Leurs couvercles en verre dispose d&rsquo;un cerclage inox.<br \/>\nFinis les plats lourds difficiles \u00e0 soulever : viandes et l\u00e9gumes rissolent et se remuent d&rsquo;un seul geste, les p\u00e2tes s&rsquo;\u00e9gouttent facilement, les omelettes glissent dans l&rsquo;assiette&#8230;<\/p>\n<p>Nettoyage facile<br \/>\nCompatible lave-vaisselle.<\/p>\n","protected":false},"excerpt":{"rendered":"<p>Les faitouts en inox 24\/26\/28\/30 cm de la gamme rosemberg ont \u00e9t\u00e9 con\u00e7ue pour faciliter la cuisine. Robuste et inusable, elle n\u2019en sont pas moins l\u00e9g\u00e8res et maniables. Ses poign\u00e9es sont antid\u00e9rapantes, et son triple fond encapsul\u00e9 d&rsquo;une \u00e9paisseur de 5 mm permet une r\u00e9partition homog\u00e8ne de la chaleur, pour une cuisson optimale. En inox [&hellip;]<\/p>\n","protected":false},"featured_media":613,"comment_status":"open","ping_status":"closed","template":"","meta":[],"product_brand":[],"product_cat":[23],"product_tag":[],"class_list":{"0":"post-612","1":"product","2":"type-product","3":"status-publish","4":"has-post-thumbnail","6":"product_cat-ustensiles-cuisine","7":"product_shipping_class-28","9":"first","10":"outofstock","11":"sale","12":"shipping-taxable","13":"purchasable","14":"product-type-simple"},"jetpack_sharing_enabled":true,"_links":{"self":[{"href":"https:\/\/www.bintoufaitout.com\/index.php\/wp-json\/wp\/v2\/product\/612","targetHints":{"allow":["GET"]}}],"collection":[{"href":"https:\/\/www.bintoufaitout.com\/index.php\/wp-json\/wp\/v2\/product"}],"about":[{"href":"https:\/\/www.bintoufaitout.com\/index.php\/wp-json\/wp\/v2\/types\/product"}],"replies":[{"embeddable":true,"href":"https:\/\/www.bintoufaitout.com\/index.php\/wp-json\/wp\/v2\/comments?post=612"}],"wp:featuredmedia":[{"embeddable":true,"href":"https:\/\/www.bintoufaitout.com\/index.php\/wp-json\/wp\/v2\/media\/613"}],"wp:attachment":[{"href":"https:\/\/www.bintoufaitout.com\/index.php\/wp-json\/wp\/v2\/media?parent=612"}],"wp:term":[{"taxonomy":"product_brand","embeddable":true,"href":"https:\/\/www.bintoufaitout.com\/index.php\/wp-json\/wp\/v2\/product_brand?post=612"},{"taxonomy":"product_cat","embeddable":true,"href":"https:\/\/www.bintoufaitout.com\/index.php\/wp-json\/wp\/v2\/product_cat?post=612"},{"taxonomy":"product_tag","embeddable":true,"href":"https:\/\/www.bintoufaitout.com\/index.php\/wp-json\/wp\/v2\/product_tag?post=612"}],"curies":[{"name":"wp","href":"https:\/\/api.w.org\/{rel}","templated":true}]}}