{"id":737,"date":"2024-05-09T01:20:18","date_gmt":"2024-05-08T23:20:18","guid":{"rendered":"https:\/\/www.bintoufaitout.com\/?post_type=product&#038;p=737"},"modified":"2024-05-09T01:20:19","modified_gmt":"2024-05-08T23:20:19","slug":"wok-pierre-32cm","status":"publish","type":"product","link":"https:\/\/www.bintoufaitout.com\/index.php\/produit\/wok-pierre-32cm\/","title":{"rendered":"Wok pierre 32cm"},"content":{"rendered":"<p>Diam\u00e8tre de 32 cm<br \/>\nCouvercle en verre avec soupape anti bu\u00e9e<br \/>\nRev\u00eatement int\u00e9rieur antiadh\u00e9rent fa\u00e7on pierre<br \/>\nCompatible avec tous types de feu (induction, gaz, \u00e9lectrique et vitroc\u00e9ramique)<br \/>\nCe wok royal swiss en fonte d&rsquo;aluminium est munie d\u2019un rev\u00eatement antiadh\u00e9rent de haute performance fa\u00e7on pierre qui vous permet de conserver l\u2019authenticit\u00e9 du go\u00fbt des aliments, sans ajout de mati\u00e8re grasse.<\/p>\n<p>La fonte d\u2019aluminium vous garantit une r\u00e9sistance longue dur\u00e9e et une ind\u00e9formabilit\u00e9.<\/p>\n<p>Equip\u00e9 d\u2019un manche silicone vous \u00eates prot\u00e9g\u00e9 de la chaleur lors de la manipulation de ce Wok et le nettoyage est facilit\u00e9, que ce soit \u00e0 la main ou au lave-vaisselle.<\/p>\n","protected":false},"excerpt":{"rendered":"<p>Diam\u00e8tre de 32 cm Couvercle en verre avec soupape anti bu\u00e9e Rev\u00eatement int\u00e9rieur antiadh\u00e9rent fa\u00e7on pierre Compatible avec tous types de feu (induction, gaz, \u00e9lectrique et vitroc\u00e9ramique) Ce wok royal swiss en fonte d&rsquo;aluminium est munie d\u2019un rev\u00eatement antiadh\u00e9rent de haute performance fa\u00e7on pierre qui vous permet de conserver l\u2019authenticit\u00e9 du go\u00fbt des aliments, sans [&hellip;]<\/p>\n","protected":false},"featured_media":738,"comment_status":"open","ping_status":"closed","template":"","meta":[],"product_brand":[],"product_cat":[58],"product_tag":[],"class_list":{"0":"post-737","1":"product","2":"type-product","3":"status-publish","4":"has-post-thumbnail","6":"product_cat-linges-de-lit","8":"first","9":"instock","10":"shipping-taxable","11":"purchasable","12":"product-type-simple"},"jetpack_sharing_enabled":true,"_links":{"self":[{"href":"https:\/\/www.bintoufaitout.com\/index.php\/wp-json\/wp\/v2\/product\/737","targetHints":{"allow":["GET"]}}],"collection":[{"href":"https:\/\/www.bintoufaitout.com\/index.php\/wp-json\/wp\/v2\/product"}],"about":[{"href":"https:\/\/www.bintoufaitout.com\/index.php\/wp-json\/wp\/v2\/types\/product"}],"replies":[{"embeddable":true,"href":"https:\/\/www.bintoufaitout.com\/index.php\/wp-json\/wp\/v2\/comments?post=737"}],"wp:featuredmedia":[{"embeddable":true,"href":"https:\/\/www.bintoufaitout.com\/index.php\/wp-json\/wp\/v2\/media\/738"}],"wp:attachment":[{"href":"https:\/\/www.bintoufaitout.com\/index.php\/wp-json\/wp\/v2\/media?parent=737"}],"wp:term":[{"taxonomy":"product_brand","embeddable":true,"href":"https:\/\/www.bintoufaitout.com\/index.php\/wp-json\/wp\/v2\/product_brand?post=737"},{"taxonomy":"product_cat","embeddable":true,"href":"https:\/\/www.bintoufaitout.com\/index.php\/wp-json\/wp\/v2\/product_cat?post=737"},{"taxonomy":"product_tag","embeddable":true,"href":"https:\/\/www.bintoufaitout.com\/index.php\/wp-json\/wp\/v2\/product_tag?post=737"}],"curies":[{"name":"wp","href":"https:\/\/api.w.org\/{rel}","templated":true}]}}