{"id":886,"date":"2024-06-05T01:18:56","date_gmt":"2024-06-04T23:18:56","guid":{"rendered":"https:\/\/www.bintoufaitout.com\/index.php\/produit\/poele-a-grillade\/"},"modified":"2024-06-05T01:18:56","modified_gmt":"2024-06-04T23:18:56","slug":"poele-a-grillade","status":"publish","type":"product","link":"https:\/\/www.bintoufaitout.com\/index.php\/produit\/poele-a-grillade\/","title":{"rendered":"Po\u00eale \u00e0 grillade"},"content":{"rendered":"<p style=\"margin: 0px 0px 1em;padding: 0px;font-family: Roboto, sans-serif;font-size: 16px;font-style: normal;font-weight: 400;letter-spacing: normal;text-align: left;text-indent: 0px;text-transform: none;text-decoration: none\">D\u00e9couvrez la polyvalence de la<span class=\"Apple-converted-space\">&nbsp;<\/span><strong style=\"margin: 0px;padding: 0px;font-weight: bold\">Po\u00eale Grill en Fonte d&rsquo;Aluminium Fa\u00e7on Pierre<\/strong><span class=\"Apple-converted-space\">&nbsp;<\/span>. Cette po\u00eale de 28 x 28 cm est id\u00e9ale pour griller vos viandes et l\u00e9gumes avec style, en leur apportant une d\u00e9licieuse touche de saveur gr\u00e2ce \u00e0 son rev\u00eatement anti-adh\u00e9rent fa\u00e7on pierre, parfaitement adapt\u00e9 pour cuisiner avec un minimum de mati\u00e8res grasses.<\/p>\n<p style=\"margin: 0px 0px 1em;padding: 0px;font-family: Roboto, sans-serif;font-size: 16px;font-style: normal;font-weight: 400;letter-spacing: normal;text-align: left;text-indent: 0px;text-transform: none;text-decoration: none\">La Po\u00eale Grill en Fonte d&rsquo;Aluminium Fa\u00e7on Pierre est parfaite pour griller divers aliments tels que des steaks, des l\u00e9gumes, des poissons, des brochettes, des hamburgers et bien plus encore.<\/p>\n<p style=\"margin: 0px 0px 1em;padding: 0px;font-family: Roboto, sans-serif;font-size: 16px;font-style: normal;font-weight: 400;letter-spacing: normal;text-align: left;text-indent: 0px;text-transform: none;text-decoration: none\">La<span class=\"Apple-converted-space\">&nbsp;<\/span><strong style=\"margin: 0px;padding: 0px;font-weight: bold\">fonte d&rsquo;aluminium<\/strong><span class=\"Apple-converted-space\">&nbsp;<\/span>assure une r\u00e9partition homog\u00e8ne de la chaleur, vous permettant de saisir vos aliments parfaitement. De plus son manche est amovible et offre une manipulation ais\u00e9e. Cette po\u00eale est compatible avec tous les types de feux, y compris l&rsquo;induction, et saura satisfaire les amateurs de cuisine gourmande. Ajoutez un peu de gras pour une exp\u00e9rience culinaire encore plus savoureuse. Profitez de<span class=\"Apple-converted-space\">&nbsp;<\/span><strong style=\"margin: 0px;padding: 0px;font-weight: bold\">la qualit\u00e9 Premium <\/strong>dans vos pr\u00e9parations culinaires.<\/p>\n","protected":false},"excerpt":{"rendered":"<p>D\u00e9couvrez la polyvalence de la&nbsp;Po\u00eale Grill en Fonte d&rsquo;Aluminium Fa\u00e7on Pierre&nbsp;. Cette po\u00eale de 28 x 28 cm est id\u00e9ale pour griller vos viandes et l\u00e9gumes avec style, en leur apportant une d\u00e9licieuse touche de saveur gr\u00e2ce \u00e0 son rev\u00eatement anti-adh\u00e9rent fa\u00e7on pierre, parfaitement adapt\u00e9 pour cuisiner avec un minimum de mati\u00e8res grasses. La Po\u00eale [&hellip;]<\/p>\n","protected":false},"featured_media":884,"comment_status":"open","ping_status":"closed","template":"","meta":[],"product_brand":[],"product_cat":[58],"product_tag":[],"class_list":{"0":"post-886","1":"product","2":"type-product","3":"status-publish","4":"has-post-thumbnail","6":"product_cat-linges-de-lit","8":"first","9":"instock","10":"shipping-taxable","11":"purchasable","12":"product-type-simple"},"jetpack_sharing_enabled":true,"_links":{"self":[{"href":"https:\/\/www.bintoufaitout.com\/index.php\/wp-json\/wp\/v2\/product\/886","targetHints":{"allow":["GET"]}}],"collection":[{"href":"https:\/\/www.bintoufaitout.com\/index.php\/wp-json\/wp\/v2\/product"}],"about":[{"href":"https:\/\/www.bintoufaitout.com\/index.php\/wp-json\/wp\/v2\/types\/product"}],"replies":[{"embeddable":true,"href":"https:\/\/www.bintoufaitout.com\/index.php\/wp-json\/wp\/v2\/comments?post=886"}],"wp:featuredmedia":[{"embeddable":true,"href":"https:\/\/www.bintoufaitout.com\/index.php\/wp-json\/wp\/v2\/media\/884"}],"wp:attachment":[{"href":"https:\/\/www.bintoufaitout.com\/index.php\/wp-json\/wp\/v2\/media?parent=886"}],"wp:term":[{"taxonomy":"product_brand","embeddable":true,"href":"https:\/\/www.bintoufaitout.com\/index.php\/wp-json\/wp\/v2\/product_brand?post=886"},{"taxonomy":"product_cat","embeddable":true,"href":"https:\/\/www.bintoufaitout.com\/index.php\/wp-json\/wp\/v2\/product_cat?post=886"},{"taxonomy":"product_tag","embeddable":true,"href":"https:\/\/www.bintoufaitout.com\/index.php\/wp-json\/wp\/v2\/product_tag?post=886"}],"curies":[{"name":"wp","href":"https:\/\/api.w.org\/{rel}","templated":true}]}}