{"id":902,"date":"2024-06-05T01:33:43","date_gmt":"2024-06-04T23:33:43","guid":{"rendered":"https:\/\/www.bintoufaitout.com\/index.php\/produit\/grande-poele-grill-34cm\/"},"modified":"2024-06-05T01:34:10","modified_gmt":"2024-06-04T23:34:10","slug":"grande-poele-grill-34cm","status":"publish","type":"product","link":"https:\/\/www.bintoufaitout.com\/index.php\/produit\/grande-poele-grill-34cm\/","title":{"rendered":"Grande po\u00eale grill 34cm"},"content":{"rendered":"<p><span style=\"font-family: Lato, sans-serif;font-size: 16px;font-style: normal;font-weight: 400;letter-spacing: normal;text-align: start;text-indent: 0px;text-transform: none;text-decoration: none;float: none\">cette po\u00eale gril parfaite pour faire cuire vos morceaux de viande ou vos l\u00e9gumes tels que des aubergines LE PETIT + : Cette po\u00eale gril propose une bonne conduction de la chaleur et est parfaite pour faire griller vos morceaux de viandes et poissons comme sur un barbecue <\/span><\/p>\n<p><span style=\"font-family: Lato, sans-serif;font-size: 16px;font-style: normal;font-weight: 400;letter-spacing: normal;text-align: start;text-indent: 0px;text-transform: none;text-decoration: none;float: none\">ENTRETIEN : Le produit passe au lave-vaisselle <\/span>Rosemberg<span style=\"font-family: Lato, sans-serif;font-size: 16px;font-style: normal;font-weight: 400;letter-spacing: normal;text-align: start;text-indent: 0px;text-transform: none;text-decoration: none;float: none\"> est une marque allemande qui, depuis 1934, r\u00e9alise des ustensiles et batteries de cuisine de qualit\u00e9 sup\u00e9rieure pour faciliter la vie des utilisateurs. Avec <\/span>Rosemberg<span style=\"font-family: Lato, sans-serif;font-size: 16px;font-style: normal;font-weight: 400;letter-spacing: normal;text-align: start;text-indent: 0px;text-transform: none;text-decoration: none;float: none\"> trouvez l&rsquo;ustensile ad\u00e9quat pour chacune de vos cuissons et r\u00e9alisez d&rsquo;excellents plats \u00e0 l&rsquo;aide de po\u00eales, casseroles et faitouts de qualit\u00e9, avec comme maitre mot votre plaisir. <\/span>Rosemberg<span style=\"font-family: Lato, sans-serif;font-size: 16px;font-style: normal;font-weight: 400;letter-spacing: normal;text-align: start;text-indent: 0px;text-transform: none;text-decoration: none;float: none\"> vous propose cette po\u00eale \u00e0 griller carr\u00e9e de 34cm et son <\/span>couvercle<span style=\"font-family: Lato, sans-serif;font-size: 16px;font-style: normal;font-weight: 400;letter-spacing: normal;text-align: start;text-indent: 0px;text-transform: none;text-decoration: none;float: none\"> avec <\/span>bouchon<span style=\"font-family: Lato, sans-serif;font-size: 16px;font-style: normal;font-weight: 400;letter-spacing: normal;text-align: start;text-indent: 0px;text-transform: none;text-decoration: none;float: none\"> <\/span>goutte \u00e0<span style=\"font-family: Lato, sans-serif;font-size: 16px;font-style: normal;font-weight: 400;letter-spacing: normal;text-align: start;text-indent: 0px;text-transform: none;text-decoration: none;float: none\"> <\/span>goutte<span style=\"font-family: Lato, sans-serif;font-size: 16px;font-style: normal;font-weight: 400;letter-spacing: normal;text-align: start;text-indent: 0px;text-transform: none;text-decoration: none;float: none\"> Avec ce produit, vous pourrez facilement faire griller votre viande ou vos l\u00e9gumes comme sur un barbecue avec un minimum de mati\u00e8re grasse gr\u00e2ce \u00e0 son rev\u00eatement antiadh\u00e9sif. La po\u00eale est compatible avec tous les types de feux, m\u00eame induction. Conseils d&rsquo;utilisation : Lavage facile \u00e0 la main, \u00e0 l&rsquo;eau et au savon.<\/span><\/p>\n","protected":false},"excerpt":{"rendered":"<p>cette po\u00eale gril parfaite pour faire cuire vos morceaux de viande ou vos l\u00e9gumes tels que des aubergines LE PETIT + : Cette po\u00eale gril propose une bonne conduction de la chaleur et est parfaite pour faire griller vos morceaux de viandes et poissons comme sur un barbecue ENTRETIEN : Le produit passe au lave-vaisselle [&hellip;]<\/p>\n","protected":false},"featured_media":895,"comment_status":"open","ping_status":"closed","template":"","meta":[],"product_brand":[],"product_cat":[58],"product_tag":[],"class_list":{"0":"post-902","1":"product","2":"type-product","3":"status-publish","4":"has-post-thumbnail","6":"product_cat-linges-de-lit","8":"first","9":"instock","10":"shipping-taxable","11":"purchasable","12":"product-type-simple"},"jetpack_sharing_enabled":true,"_links":{"self":[{"href":"https:\/\/www.bintoufaitout.com\/index.php\/wp-json\/wp\/v2\/product\/902","targetHints":{"allow":["GET"]}}],"collection":[{"href":"https:\/\/www.bintoufaitout.com\/index.php\/wp-json\/wp\/v2\/product"}],"about":[{"href":"https:\/\/www.bintoufaitout.com\/index.php\/wp-json\/wp\/v2\/types\/product"}],"replies":[{"embeddable":true,"href":"https:\/\/www.bintoufaitout.com\/index.php\/wp-json\/wp\/v2\/comments?post=902"}],"wp:featuredmedia":[{"embeddable":true,"href":"https:\/\/www.bintoufaitout.com\/index.php\/wp-json\/wp\/v2\/media\/895"}],"wp:attachment":[{"href":"https:\/\/www.bintoufaitout.com\/index.php\/wp-json\/wp\/v2\/media?parent=902"}],"wp:term":[{"taxonomy":"product_brand","embeddable":true,"href":"https:\/\/www.bintoufaitout.com\/index.php\/wp-json\/wp\/v2\/product_brand?post=902"},{"taxonomy":"product_cat","embeddable":true,"href":"https:\/\/www.bintoufaitout.com\/index.php\/wp-json\/wp\/v2\/product_cat?post=902"},{"taxonomy":"product_tag","embeddable":true,"href":"https:\/\/www.bintoufaitout.com\/index.php\/wp-json\/wp\/v2\/product_tag?post=902"}],"curies":[{"name":"wp","href":"https:\/\/api.w.org\/{rel}","templated":true}]}}