{"id":984,"date":"2024-08-03T06:05:04","date_gmt":"2024-08-03T04:05:04","guid":{"rendered":"https:\/\/www.bintoufaitout.com\/index.php\/produit\/lot-4-faitouts-inox-belly\/"},"modified":"2025-09-03T17:59:05","modified_gmt":"2025-09-03T15:59:05","slug":"lot-4-faitouts-inox-belly","status":"publish","type":"product","link":"https:\/\/www.bintoufaitout.com\/index.php\/produit\/lot-4-faitouts-inox-belly\/","title":{"rendered":"Lot 4 faitouts inox Belly"},"content":{"rendered":"<p>Cette batterie de cuisine en inox \u00e0 la forme d&rsquo;un chaudron  vous permettras de concocter tout type de plat sans difficult\u00e9. Allant sur tout type de feux, gaz, \u00e9lectrique, induction, vitro-c\u00e9ramique, elle n\u2019aura aucun mal \u00e0 int\u00e9gr\u00e9 votre cuisine. Une fois la cuisine termin\u00e9 laisser votre lave-vaisselle s\u2019occuper de ces ustensiles afin qu\u2019ils soient pr\u00eat pour la prochaine fois.<\/p>\n<p>Cette batterie est compos\u00e9 de 4 faitouts avec leur 4 couvercles<\/p>\n<ul>\n<li>1 faitout de 16cm dont 1,9 litres<\/li>\n<\/ul>\n<ul>\n<li>1 faitout&nbsp;de 20cm dont 3,8 litres<\/li>\n<li>1 faitout de 24 cm dont 6,3 litres<\/li>\n<li>1 faitout de 28cm dont 9 litres<\/li>\n<\/ul>\n","protected":false},"excerpt":{"rendered":"<p>Cette batterie de cuisine en inox \u00e0 la forme d&rsquo;un chaudron vous permettras de concocter tout type de plat sans difficult\u00e9. Allant sur tout type de feux, gaz, \u00e9lectrique, induction, vitro-c\u00e9ramique, elle n\u2019aura aucun mal \u00e0 int\u00e9gr\u00e9 votre cuisine. Une fois la cuisine termin\u00e9 laisser votre lave-vaisselle s\u2019occuper de ces ustensiles afin qu\u2019ils soient pr\u00eat [&hellip;]<\/p>\n","protected":false},"featured_media":2001,"comment_status":"open","ping_status":"closed","template":"","meta":[],"product_brand":[],"product_cat":[58],"product_tag":[],"class_list":{"0":"post-984","1":"product","2":"type-product","3":"status-publish","4":"has-post-thumbnail","6":"product_cat-linges-de-lit","7":"product_shipping_class-24","9":"first","10":"instock","11":"sale","12":"shipping-taxable","13":"purchasable","14":"product-type-simple"},"jetpack_sharing_enabled":true,"_links":{"self":[{"href":"https:\/\/www.bintoufaitout.com\/index.php\/wp-json\/wp\/v2\/product\/984","targetHints":{"allow":["GET"]}}],"collection":[{"href":"https:\/\/www.bintoufaitout.com\/index.php\/wp-json\/wp\/v2\/product"}],"about":[{"href":"https:\/\/www.bintoufaitout.com\/index.php\/wp-json\/wp\/v2\/types\/product"}],"replies":[{"embeddable":true,"href":"https:\/\/www.bintoufaitout.com\/index.php\/wp-json\/wp\/v2\/comments?post=984"}],"wp:featuredmedia":[{"embeddable":true,"href":"https:\/\/www.bintoufaitout.com\/index.php\/wp-json\/wp\/v2\/media\/2001"}],"wp:attachment":[{"href":"https:\/\/www.bintoufaitout.com\/index.php\/wp-json\/wp\/v2\/media?parent=984"}],"wp:term":[{"taxonomy":"product_brand","embeddable":true,"href":"https:\/\/www.bintoufaitout.com\/index.php\/wp-json\/wp\/v2\/product_brand?post=984"},{"taxonomy":"product_cat","embeddable":true,"href":"https:\/\/www.bintoufaitout.com\/index.php\/wp-json\/wp\/v2\/product_cat?post=984"},{"taxonomy":"product_tag","embeddable":true,"href":"https:\/\/www.bintoufaitout.com\/index.php\/wp-json\/wp\/v2\/product_tag?post=984"}],"curies":[{"name":"wp","href":"https:\/\/api.w.org\/{rel}","templated":true}]}}