{"id":998,"date":"2024-08-03T06:19:12","date_gmt":"2024-08-03T04:19:12","guid":{"rendered":"https:\/\/www.bintoufaitout.com\/index.php\/produit\/pichet-isotherme-45-litres\/"},"modified":"2025-05-12T08:43:01","modified_gmt":"2025-05-12T06:43:01","slug":"pichet-isotherme-45-litres","status":"publish","type":"product","link":"https:\/\/www.bintoufaitout.com\/index.php\/produit\/pichet-isotherme-45-litres\/","title":{"rendered":"Pichet isotherme 4,5 litres"},"content":{"rendered":"<ul class=\"a-unordered-list a-vertical a-spacing-none\">\n<li class=\"a-spacing-mini\" style=\"margin: 0px\"><span class=\"a-list-item\">Ce pichet isotherme inox design est aussi \u00e9l\u00e9gant que pratique, le mariage de l\u2019acier poli et du plastique noir mat lui donne un air moderne et robuste<\/span><\/li>\n<li class=\"a-spacing-mini\" style=\"margin: 0px\"><span class=\"a-list-item\">Avec une contenance de 4,5L, cette fontaine \u00e0 pompe isotherme pourra servir du th\u00e9 ou du caf\u00e9 pour tout un groupe<\/span><\/li>\n<li class=\"a-spacing-mini\" style=\"margin: 0px\"><span class=\"a-list-item\">Convivial, cet air pot 4,5l est aussi bien con\u00e7u, il dispose d\u2019une anse de transport ergonomique et son bec verseur \u00e0 pompe permet un dosage pr\u00e9cis et maitris\u00e9<\/span><\/li>\n<li class=\"a-spacing-mini\" style=\"margin: 0px\"><span class=\"a-list-item\">L\u2019acier inoxydable de ce pichet isotherme est incassable et garde la chaleur pour de longues heures \u2013 le couvercle dispose d\u2019un verrou de s\u00e9curit\u00e9 pour \u00e9viter toute ouverture accidentelle<\/span><\/li>\n<\/ul>\n","protected":false},"excerpt":{"rendered":"<p>Ce pichet isotherme inox design est aussi \u00e9l\u00e9gant que pratique, le mariage de l\u2019acier poli et du plastique noir mat lui donne un air moderne et robuste Avec une contenance de 4,5L, cette fontaine \u00e0 pompe isotherme pourra servir du th\u00e9 ou du caf\u00e9 pour tout un groupe Convivial, cet air pot 4,5l est aussi [&hellip;]<\/p>\n","protected":false},"featured_media":997,"comment_status":"open","ping_status":"closed","template":"","meta":[],"product_brand":[],"product_cat":[58],"product_tag":[],"class_list":{"0":"post-998","1":"product","2":"type-product","3":"status-publish","4":"has-post-thumbnail","6":"product_cat-linges-de-lit","8":"first","9":"instock","10":"sale","11":"shipping-taxable","12":"purchasable","13":"product-type-simple"},"jetpack_sharing_enabled":true,"_links":{"self":[{"href":"https:\/\/www.bintoufaitout.com\/index.php\/wp-json\/wp\/v2\/product\/998","targetHints":{"allow":["GET"]}}],"collection":[{"href":"https:\/\/www.bintoufaitout.com\/index.php\/wp-json\/wp\/v2\/product"}],"about":[{"href":"https:\/\/www.bintoufaitout.com\/index.php\/wp-json\/wp\/v2\/types\/product"}],"replies":[{"embeddable":true,"href":"https:\/\/www.bintoufaitout.com\/index.php\/wp-json\/wp\/v2\/comments?post=998"}],"wp:featuredmedia":[{"embeddable":true,"href":"https:\/\/www.bintoufaitout.com\/index.php\/wp-json\/wp\/v2\/media\/997"}],"wp:attachment":[{"href":"https:\/\/www.bintoufaitout.com\/index.php\/wp-json\/wp\/v2\/media?parent=998"}],"wp:term":[{"taxonomy":"product_brand","embeddable":true,"href":"https:\/\/www.bintoufaitout.com\/index.php\/wp-json\/wp\/v2\/product_brand?post=998"},{"taxonomy":"product_cat","embeddable":true,"href":"https:\/\/www.bintoufaitout.com\/index.php\/wp-json\/wp\/v2\/product_cat?post=998"},{"taxonomy":"product_tag","embeddable":true,"href":"https:\/\/www.bintoufaitout.com\/index.php\/wp-json\/wp\/v2\/product_tag?post=998"}],"curies":[{"name":"wp","href":"https:\/\/api.w.org\/{rel}","templated":true}]}}